{"id":121,"date":"2024-07-26T23:33:29","date_gmt":"2024-07-26T21:33:29","guid":{"rendered":"http:\/\/www.cpppap.svsbb.sk\/new\/?page_id=121"},"modified":"2026-01-22T17:52:12","modified_gmt":"2026-01-22T16:52:12","slug":"objednavky","status":"publish","type":"page","link":"https:\/\/www.cpppap.svsbb.sk\/?page_id=121","title":{"rendered":"Objedn\u00e1vky"},"content":{"rendered":"\n<h2 class=\"wp-block-heading\">(z\u00e1kon 546\/2010)<\/h2>\n\n\n\n<p>Objedn\u00e1vky v zmysle \u00a7 5b z\u00e1kona \u010d. 211\/2000 Z. z. v znen\u00ed neskor\u0161\u00edch zmien a doplnkov.<\/p>\n\n\n\n<table id=\"zverejnovanie\" rules=\"cols\" border=\"1\">\n        <tbody><tr class=\"row1\">\n          <td colspan=\"5\">&nbsp;<\/td>\n          <td colspan=\"3\">6. \u00dadaje o dod\u00e1vate\u013eovi<\/td>\n          <td colspan=\"2\">7. Osoba, ktor\u00e1 podp\u00edsala objedn\u00e1vku <\/td>\n        <\/tr>\n        <tr class=\"row1\">\n          <td>1. \u010c. obj.<\/td>\n          <td width=\"200\">2. Popis obj.<\/td>\n          <td>3. Suma s DPH<\/td>\n          <td>4. \u010c. zmluvy<\/td>\n          <td>5. D\u00e1tum<\/td>\n          <td>6a. N\u00e1zov<\/td>\n          <td>6b. Adresa <\/td>\n          <td>6c. I\u010cO <\/td>\n          <td>Meno a priezvisko<\/td>\n          <td>Funkcia <\/td>\n        <\/tr>\n        <!-- BEGIN LINES -->\n\n<tr><td><\/td><td><\/td><td align=\"right\"><\/td><td>&nbsp;<\/td><td><\/td><td><\/td><td><\/td><td><\/td><td><\/td><td><\/td><\/tr>\n\n        <!-- END LINES -->\n      <\/tbody><\/table>\n\n\n\n<h2 class=\"wp-block-heading\"><strong>Arch\u00edv<\/strong><\/h2>\n\n\n\n<div class=\"wp-block-columns is-layout-flex wp-container-core-columns-is-layout-9d6595d7 wp-block-columns-is-layout-flex\">\n<div class=\"wp-block-column is-layout-flow wp-block-column-is-layout-flow\">\n<ul class=\"wp-block-list\">\n<li><a href=\"https:\/\/www.cpppap.svsbb.sk\/?page_id=1020\" data-type=\"page\" data-id=\"1020\">Objedn\u00e1vky &#8211; 2025<\/a><\/li>\n\n\n\n<li><a href=\"http:\/\/www.cpppap.svsbb.sk\/?page_id=815\" data-type=\"page\" data-id=\"815\">Objedn\u00e1vky &#8211; 2024<\/a><\/li>\n\n\n\n<li><a href=\"http:\/\/www.cpppap.svsbb.sk\/?page_id=739\" data-type=\"page\" data-id=\"739\" rel=\"nofollow\">Objedn\u00e1vky &#8211; 2023<\/a><\/li>\n\n\n\n<li><a href=\"http:\/\/www.cpppap.svsbb.sk\/new\/?page_id=177\" data-type=\"page\" data-id=\"177\" rel=\"nofollow\">Objedn\u00e1vky &#8211; 2022<\/a><\/li>\n\n\n\n<li><a href=\"http:\/\/www.cpppap.svsbb.sk\/new\/?page_id=176\" data-type=\"page\" data-id=\"176\" rel=\"nofollow\">Objedn\u00e1vky &#8211; 2021<\/a><\/li>\n\n\n\n<li><a href=\"http:\/\/www.cpppap.svsbb.sk\/new\/?page_id=175\" data-type=\"page\" data-id=\"175\" rel=\"nofollow\">Objedn\u00e1vky &#8211; 2020<\/a><\/li>\n\n\n\n<li><a href=\"http:\/\/www.cpppap.svsbb.sk\/new\/?page_id=174\" data-type=\"page\" data-id=\"174\" rel=\"nofollow\">Objedn\u00e1vky &#8211; 2019<\/a><\/li>\n\n\n\n<li><a href=\"http:\/\/www.cpppap.svsbb.sk\/new\/?page_id=173\" data-type=\"page\" data-id=\"173\" rel=\"nofollow\">Objedn\u00e1vky &#8211; 2018<\/a><\/li>\n<\/ul>\n<\/div>\n\n\n\n<div class=\"wp-block-column is-layout-flow wp-block-column-is-layout-flow\">\n<ul class=\"wp-block-list\">\n<li><a href=\"http:\/\/www.cpppap.svsbb.sk\/new\/?page_id=172\" data-type=\"page\" data-id=\"172\" rel=\"nofollow\">Objedn\u00e1vky &#8211; 2017<\/a><\/li>\n\n\n\n<li><a href=\"http:\/\/www.cpppap.svsbb.sk\/new\/?page_id=170\" data-type=\"page\" data-id=\"170\" rel=\"nofollow\">Objedn\u00e1vky &#8211; 2016<\/a><\/li>\n\n\n\n<li><a href=\"http:\/\/www.cpppap.svsbb.sk\/new\/?page_id=168\" data-type=\"page\" data-id=\"168\" rel=\"nofollow\">Objedn\u00e1vky &#8211; 2015<\/a><\/li>\n\n\n\n<li><a href=\"http:\/\/www.cpppap.svsbb.sk\/new\/?page_id=166\" data-type=\"page\" data-id=\"166\" rel=\"nofollow\">Objedn\u00e1vky &#8211; 2014<\/a><\/li>\n\n\n\n<li><a href=\"http:\/\/www.cpppap.svsbb.sk\/new\/?page_id=161\" data-type=\"page\" data-id=\"161\" rel=\"nofollow\">Objedn\u00e1vky &#8211; 2013<\/a><\/li>\n\n\n\n<li><a href=\"http:\/\/www.cpppap.svsbb.sk\/new\/?page_id=117\" data-type=\"page\" data-id=\"117\" rel=\"nofollow\">Objedn\u00e1vky &#8211; 2012<\/a><\/li>\n\n\n\n<li><a href=\"http:\/\/www.cpppap.svsbb.sk\/new\/?page_id=110\" data-type=\"page\" data-id=\"110\" rel=\"nofollow\">Objedn\u00e1vky &#8211; 2011<\/a><\/li>\n<\/ul>\n<\/div>\n<\/div>\n\n\n\n<p><\/p>\n","protected":false},"excerpt":{"rendered":"<p>(z\u00e1kon 546\/2010) Objedn\u00e1vky v zmysle \u00a7 5b z\u00e1kona \u010d. 211\/2000 Z. z. v znen\u00ed neskor\u0161\u00edch zmien a doplnkov. &nbsp; 6. \u00dadaje o dod\u00e1vate\u013eovi 7. Osoba, ktor\u00e1 podp\u00edsala objedn\u00e1vku 1. \u010c. obj. 2. Popis obj. 3. Suma s DPH 4. \u010c. zmluvy 5. D\u00e1tum 6a. N\u00e1zov 6b. Adresa 6c. I\u010cO Meno a priezvisko Funkcia &nbsp; Arch\u00edv<\/p>\n","protected":false},"author":1,"featured_media":0,"parent":107,"menu_order":0,"comment_status":"closed","ping_status":"closed","template":"","meta":{"footnotes":""},"class_list":["post-121","page","type-page","status-publish","hentry"],"_links":{"self":[{"href":"https:\/\/www.cpppap.svsbb.sk\/index.php?rest_route=\/wp\/v2\/pages\/121","targetHints":{"allow":["GET"]}}],"collection":[{"href":"https:\/\/www.cpppap.svsbb.sk\/index.php?rest_route=\/wp\/v2\/pages"}],"about":[{"href":"https:\/\/www.cpppap.svsbb.sk\/index.php?rest_route=\/wp\/v2\/types\/page"}],"author":[{"embeddable":true,"href":"https:\/\/www.cpppap.svsbb.sk\/index.php?rest_route=\/wp\/v2\/users\/1"}],"replies":[{"embeddable":true,"href":"https:\/\/www.cpppap.svsbb.sk\/index.php?rest_route=%2Fwp%2Fv2%2Fcomments&post=121"}],"version-history":[{"count":17,"href":"https:\/\/www.cpppap.svsbb.sk\/index.php?rest_route=\/wp\/v2\/pages\/121\/revisions"}],"predecessor-version":[{"id":1024,"href":"https:\/\/www.cpppap.svsbb.sk\/index.php?rest_route=\/wp\/v2\/pages\/121\/revisions\/1024"}],"up":[{"embeddable":true,"href":"https:\/\/www.cpppap.svsbb.sk\/index.php?rest_route=\/wp\/v2\/pages\/107"}],"wp:attachment":[{"href":"https:\/\/www.cpppap.svsbb.sk\/index.php?rest_route=%2Fwp%2Fv2%2Fmedia&parent=121"}],"curies":[{"name":"wp","href":"https:\/\/api.w.org\/{rel}","templated":true}]}}