{"id":166,"date":"2024-07-27T14:21:00","date_gmt":"2024-07-27T12:21:00","guid":{"rendered":"http:\/\/www.cpppap.svsbb.sk\/new\/?page_id=166"},"modified":"2024-07-27T16:21:39","modified_gmt":"2024-07-27T14:21:39","slug":"archiv-objednavky-3-2","status":"publish","type":"page","link":"https:\/\/www.cpppap.svsbb.sk\/?page_id=166","title":{"rendered":"Arch\u00edv: Objedn\u00e1vky &#8211; 2014"},"content":{"rendered":"\n<h2 class=\"wp-block-heading\">(z\u00e1kon 546\/2010)<\/h2>\n\n\n\n<p>Objedn\u00e1vky v zmysle \u00a7 5b z\u00e1kona \u010d. 211\/2000 Z. z. v znen\u00ed neskor\u0161\u00edch zmien a doplnkov.<\/p>\n\n\n\n<table id=\"zverejnovanie\" rules=\"cols\" border=\"1\">\n        <tbody><tr class=\"row1\">\n          <td colspan=\"5\">&nbsp;<\/td>\n          <td colspan=\"3\">6. \u00dadaje o dod\u00e1vate\u013eovi<\/td>\n          <td colspan=\"2\">7. Osoba, ktor\u00e1 podp\u00edsala objedn\u00e1vku <\/td>\n        <\/tr>\n        <tr class=\"row1\">\n          <td>1. \u010c. obj.<\/td>\n          <td width=\"200\">2. Popis obj.<\/td>\n          <td>3. Suma s DPH<\/td>\n          <td>4. \u010c. zmluvy<\/td>\n          <td>5. D\u00e1tum<\/td>\n          <td>6a. N\u00e1zov<\/td>\n          <td>6b. Adresa <\/td>\n          <td>6c. I\u010cO <\/td>\n          <td>Meno a priezvisko<\/td>\n          <td>Funkcia <\/td>\n        <\/tr>\n        <!-- BEGIN LINES -->\n<tr><td>1.<\/td><td>Rev\u00edzia el.spotrebi\u010dov<\/td><td align=\"right\">&nbsp;<\/td><td>&nbsp;<\/td><td>07.01.2014<\/td><td>Ing. Bab\u010dan Adri\u00e1n<\/td><td>Pod Kalv\u00e1riou 2, BB<\/td><td>32019611<\/td><td>PhDr. \u013dubom\u00edr Tich\u00fd<\/td><td>riadite\u013e<\/td><\/tr><tr><td>2.<\/td><td>Jed\u00e1lne kup\u00f3ny<\/td><td align=\"right\">608,40 \u20ac<\/td><td>&nbsp;<\/td><td>08.01.2014<\/td><td>Le cheque d\u00e9jeuner<\/td><td>Tom\u00e1\u0161ikova 23\/D, BA<\/td><td>31396674<\/td><td>PhDr. \u013dubom\u00edr Tich\u00fd<\/td><td>riadite\u013e<\/td><\/tr><tr><td>3.<\/td><td>Vlo\u017eky Gege+kl\u00fa\u010de<\/td><td align=\"right\">27,90 \u20ac<\/td><td>&nbsp;<\/td><td>09.01.2014<\/td><td>PROFIL-Ing.Morav\u010d\u00edk<\/td><td>Nedeck\u00e9ho 2, BB<\/td><td>32019092<\/td><td>PhDr. \u013dubom\u00edr Tich\u00fd<\/td><td>riadite\u013e<\/td><\/tr><tr><td>4.<\/td><td>Kancel\u00e1rsky st\u00f4l<\/td><td align=\"right\">159,00 \u20ac<\/td><td>&nbsp;<\/td><td>09.01.2014<\/td><td>MZ Trade s.r.o.<\/td><td>Priemyseln\u00e1 1, Ladomersk\u00e1 Vieska<\/td><td>36633046<\/td><td>PhDr. \u013dubom\u00edr Tich\u00fd<\/td><td>riadite\u013e<\/td><\/tr><tr><td>5.<\/td><td>Toner<\/td><td align=\"right\">24,00 \u20ac<\/td><td>&nbsp;<\/td><td>14.01.2014<\/td><td>Zero BB, spol. s r. o.<\/td><td>Bakossova 56, BB<\/td><td>36638498<\/td><td>PhDr. \u013dubom\u00edr Tich\u00fd<\/td><td>riadite\u013e<\/td><\/tr><tr><td>6.<\/td><td>V\u00fdpo\u010det v\u00fd\u0161ky poplatkov emisi\u00ed na r.2014<\/td><td align=\"right\">&nbsp;<\/td><td>&nbsp;<\/td><td>16.01.2013<\/td><td>Pavol Styk-Servis<\/td><td>Ru\u017eov\u00e1 9, BB<\/td><td>36040436<\/td><td>Mgr. Zuzana Vencelov\u00e1<\/td><td>z\u00e1stupca riadite\u013ea<\/td><\/tr><tr><td>7.<\/td><td>Kancel\u00e1rske potreby<\/td><td align=\"right\">43,50 \u20ac<\/td><td>&nbsp;<\/td><td>21.01.2014<\/td><td>Papera, s.r.o.<\/td><td>\u010cere\u0161\u0148ov\u00e1 17, BB<\/td><td>46082182<\/td><td>PhDr. \u013dubom\u00edr Tich\u00fd<\/td><td>riadite\u013e<\/td><\/tr><tr><td>8.<\/td><td>\u010cistiace a hygienick\u00e9 prostriedky<\/td><td align=\"right\">100,84 \u20ac<\/td><td>&nbsp;<\/td><td>24.01.2014<\/td><td>Papera, s.r.o.<\/td><td>\u010cere\u0161\u0148ov\u00e1 17, BB<\/td><td>46082182<\/td><td>PhDr. \u013dubom\u00edr Tich\u00fd<\/td><td>riadite\u013e<\/td><\/tr><tr><td>9.<\/td><td>Jed\u00e1lne kup\u00f3ny<\/td><td align=\"right\">734,40 \u20ac<\/td><td>&nbsp;<\/td><td>05.02.2014<\/td><td>Le cheque d\u00e9jeuner<\/td><td>Tom\u00e1\u0161ikova 23\/D, BA<\/td><td>31396674<\/td><td>PhDr. \u013dubom\u00edr Tich\u00fd<\/td><td>riadite\u013e<\/td><\/tr><tr><td>10.<\/td><td>Jed\u00e1lne kup\u00f3ny<\/td><td align=\"right\">734.40 \u20ac<\/td><td>&nbsp;<\/td><td>25.02.2014<\/td><td>Le cheque d\u00e9jeuner<\/td><td>Tom\u00e1\u0161ikova 23\/D, BA<\/td><td>31396674<\/td><td>PhDr. \u013dubom\u00edr Tich\u00fd<\/td><td>riadite\u013e<\/td><\/tr><tr><td>11.<\/td><td>Tonery<\/td><td align=\"right\">192,00 \u20ac<\/td><td>&nbsp;<\/td><td>27.02.2014<\/td><td>Zero BB, spol. s r. o.<\/td><td>Bakossova 56, BB<\/td><td>36638498<\/td><td>PhDr. \u013dubom\u00edr Tich\u00fd<\/td><td>riadite\u013e<\/td><\/tr><tr><td>12.<\/td><td>Superv\u00edzia<\/td><td align=\"right\">66,00 \u20ac<\/td><td>&nbsp;<\/td><td>17.03.2014<\/td><td>PhDr. \u017dilin\u010d\u00edk Juraj<\/td><td>Tatransk\u00e1 59, BB<\/td><td>40168301<\/td><td>PhDr. \u013dubom\u00edr Tich\u00fd<\/td><td>riadite\u013e<\/td><\/tr><tr><td>13.<\/td><td>Toner, servis tla\u010diarne<\/td><td align=\"right\">61,20 \u20ac<\/td><td>&nbsp;<\/td><td>17.03.2014<\/td><td>Ren\u00e9 Gab\u010do, R.G.COPY<\/td><td>Nosice II\/199, P\u00fachov<\/td><td>34749951<\/td><td>PhDr. \u013dubom\u00edr Tich\u00fd<\/td><td>riadite\u013e<\/td><\/tr><tr><td>14.<\/td><td>Tonery<\/td><td align=\"right\">72,00 \u20ac<\/td><td>&nbsp;<\/td><td>17.03.2014<\/td><td>Zero BB, spol. s r. o.<\/td><td>Bakossova 56, BB<\/td><td>36638498<\/td><td>PhDr. \u013dubom\u00edr Tich\u00fd<\/td><td>riadite\u013e<\/td><\/tr><tr><td>15.<\/td><td>Kredit za elektronick\u00fa aukciu<\/td><td align=\"right\">12,00 \u20ac<\/td><td>&nbsp;<\/td><td>17.03.2014<\/td><td>Lazar Consulting, s.r.o.<\/td><td>Bratislava, Klarisk\u00e1 10<\/td><td>35740175<\/td><td>PhDr. \u013dubom\u00edr Tich\u00fd<\/td><td>riadite\u013e<\/td><\/tr><tr valign=\"top\"><td>16.<\/td><td>Bezpe\u010dnostn\u00fd projekt<br>v s\u00falade so z\u00e1k.\u010d. 122\/2013 Z.z.<\/td><td align=\"right\">324,00 \u20ac<\/td><td>&nbsp;<\/td><td>18.03.2014<\/td><td>PK-Systems, s.r.o.<\/td><td>\u017diar n. Hronom, SNP 22<\/td><td>36636720<\/td><td>PhDr. \u013dubom\u00edr Tich\u00fd<\/td><td>riadite\u013e<\/td><\/tr><tr><td>17.<\/td><td>Hygienick\u00e9 potreby<\/td><td align=\"right\">116,50 \u20ac<\/td><td>&nbsp;<\/td><td>21.03.2014<\/td><td>LYNNE SK, s.r.o.<\/td><td>Kvetinov\u00e1 14, BB<\/td><td>36642681<\/td><td>PhDr. \u013dubom\u00edr Tich\u00fd<\/td><td>riadite\u013e<\/td><\/tr><tr><td>18.<\/td><td>\u010cistiace prostriedky<\/td><td align=\"right\">86,97 \u20ac<\/td><td>&nbsp;<\/td><td>21.03.2014<\/td><td>Papera, s.r.o.<\/td><td>\u010cere\u0161\u0148ov\u00e1 17, BB<\/td><td>46082182<\/td><td>PhDr. \u013dubom\u00edr Tich\u00fd<\/td><td>riadite\u013e<\/td><\/tr><tr><td>19.<\/td><td>Oprava PC<\/td><td align=\"right\">133,20 \u20ac<\/td><td>&nbsp;<\/td><td>21.03.2014<\/td><td>Zero BB, spol. s r. o.<\/td><td>Bakossova 56, BB<\/td><td>36638498<\/td><td>PhDr. \u013dubom\u00edr Tich\u00fd<\/td><td>riadite\u013e<\/td><\/tr><tr><td>20.<\/td><td>Karaoke set<\/td><td align=\"right\">146.80 \u20ac<\/td><td>&nbsp;<\/td><td>31.03.2014<\/td><td>Electronic-star a.s.<\/td><td>BA, Grosslingova 6-8<\/td><td>46895680<\/td><td>PhDr. \u013dubom\u00edr Tich\u00fd<\/td><td>riadite\u013e<\/td><\/tr><tr><td>21.<\/td><td>Jed\u00e1lne kup\u00f3ny<\/td><td align=\"right\">710.40 \u20ac<\/td><td>&nbsp;<\/td><td>31.03.2014<\/td><td>Le cheque d\u00e9jeuner<\/td><td>Tom\u00e1\u0161ikova 23\/D, BA<\/td><td>31396674<\/td><td>PhDr. \u013dubom\u00edr Tich\u00fd<\/td><td>riadite\u013e<\/td><\/tr><tr><td>22.<\/td><td>Toner + servis tla\u010d.<\/td><td align=\"right\">72.00 \u20ac<\/td><td>&nbsp;<\/td><td>31.03.2014<\/td><td>Ren\u00e9 Gab\u010do, R.G.COPY<\/td><td>Nosice II\/199, P\u00fachov<\/td><td>34749951<\/td><td>PhDr. \u013dubom\u00edr Tich\u00fd<\/td><td>riadite\u013e<\/td><\/tr><tr><td>23.<\/td><td>N\u00e1bytok<\/td><td align=\"right\">179.00 \u20ac<\/td><td>&nbsp;<\/td><td>04.04.2014<\/td><td>Tempo Kondela s.r.o.<\/td><td>BB, N\u00e1m. \u013d. \u0160t\u00fara 28<\/td><td>36409154<\/td><td>PhDr. \u013dubom\u00edr Tich\u00fd<\/td><td>riadite\u013e<\/td><\/tr><tr><td>24.<\/td><td>Fixa\u010dn\u00fd valec na kop\u00edrku<\/td><td align=\"right\">103.20 \u20ac<\/td><td>&nbsp;<\/td><td>04.04.2014<\/td><td>Ren\u00e9 Gab\u010do, R.G.COPY<\/td><td>Nosice II\/199, P\u00fachov<\/td><td>34749951<\/td><td>PhDr. \u013dubom\u00edr Tich\u00fd<\/td><td>riadite\u013e<\/td><\/tr><tr><td>25.<\/td><td>Bezdr\u00f4tov\u00fd mikrof\u00f3nov\u00fd set<\/td><td align=\"right\">56.80 \u20ac<\/td><td>&nbsp;<\/td><td>11.04.2014<\/td><td>Electronic-star a.s.<\/td><td>Gr\u00f6sslingova 6-8, BA<\/td><td>46895680<\/td><td>PhDr. \u013dubom\u00edr Tich\u00fd<\/td><td>riadite\u013e<\/td><\/tr><tr><td>26.<\/td><td>KuliFerdo &#8211; pracovn\u00e9 zo\u0161ity <\/td><td align=\"right\">14.00 \u20ac<\/td><td>&nbsp;<\/td><td>11.04.2014<\/td><td>Raabe Slovensko, s.r.o.<\/td><td>Trnavsk\u00e1 cesta 84, BA<\/td><td>35908718<\/td><td>PhDr. \u013dubom\u00edr Tich\u00fd<\/td><td>riadite\u013e<\/td><\/tr><tr><td>27.<\/td><td>Mont\u00e1\u017e hlasov\u00e9ho el. vr\u00e1tnika <\/td><td align=\"right\">407.36 \u20ac<\/td><td>&nbsp;<\/td><td>23.04.2014<\/td><td>Mikrohuko s.r.o.<\/td><td>Koll\u00e1rova 11, BB<\/td><td>31560806<\/td><td>PhDr. \u013dubom\u00edr Tich\u00fd<\/td><td>riadite\u013e<\/td><\/tr><tr><td>28.<\/td><td>Reg\u00e1le s drevotrieskov\u00fdmi policami<\/td><td align=\"right\">184,80 \u20ac<\/td><td>&nbsp;<\/td><td>28.04.2014<\/td><td>B2B partner <\/td><td>\u0160ulekova 2, BA<\/td><td>44413467<\/td><td>PhDr. \u013dubom\u00edr Tich\u00fd<\/td><td>riadite\u013e<\/td><\/tr><tr><td>29.<\/td><td>Odstr\u00e1nenie z\u00e1vad po el. rev\u00edzii<\/td><td align=\"right\">496,12 \u20ac<\/td><td>&nbsp;<\/td><td>29.04.2014<\/td><td>J\u00e1n Chomi\u010d<\/td><td>Magursk\u00e1 55, BB<\/td><td>44075022<\/td><td>PhDr. \u013dubom\u00edr Tich\u00fd<\/td><td>riadite\u013e<\/td><\/tr><tr><td>30.<\/td><td>Jed\u00e1lne kup\u00f3ny<\/td><td align=\"right\">668,40 \u20ac<\/td><td>&nbsp;<\/td><td>02.05.2014<\/td><td>Le cheque d\u00e9jeuner<\/td><td>Tom\u00e1\u0161ikova 23\/D, BA<\/td><td>31396674<\/td><td>PhDr. \u013dubom\u00edr Tich\u00fd<\/td><td>riadite\u013e<\/td><\/tr><tr><td>31.<\/td><td>V\u00fdmena svietidiel<\/td><td align=\"right\">993,39 \u20ac<\/td><td>&nbsp;<\/td><td>02.05.2014<\/td><td>J\u00e1n Chomi\u010d<\/td><td>Magursk\u00e1 55, BB<\/td><td>44075022<\/td><td>PhDr. \u013dubom\u00edr Tich\u00fd<\/td><td>riadite\u013e<\/td><\/tr><tr><td>32.<\/td><td>Oprava PC<\/td><td align=\"right\">58,80 \u20ac<\/td><td>&nbsp;<\/td><td>05.05.2014<\/td><td>Zero BB, spol. s r. o.<\/td><td>Bakossova 56, BB<\/td><td>36638498<\/td><td>PhDr. \u013dubom\u00edr Tich\u00fd<\/td><td>riadite\u013e<\/td><\/tr><tr><td>33.<\/td><td>Skart\u00e1cia tla\u010d\u00edv<\/td><td align=\"right\">1,20 \u20ac<\/td><td>&nbsp;<\/td><td>06.05.2014<\/td><td>Green Wave Recycling<\/td><td>\u010eurkova 9, Nitra<\/td><td>45539197<\/td><td>PhDr. \u013dubom\u00edr Tich\u00fd<\/td><td>riadite\u013e<\/td><\/tr><tr><td>34.<\/td><td>Kontrola kom\u00ednov<\/td><td align=\"right\">79,27 \u20ac<\/td><td>&nbsp;<\/td><td>07.05.2014<\/td><td>Rausa s.r.o. <\/td><td>Dru\u017eby 4, BB<\/td><td>36835854<\/td><td>PhDr. \u013dubom\u00edr Tich\u00fd<\/td><td>riadite\u013e<\/td><\/tr><tr><td>35.<\/td><td>Superv\u00edzia<\/td><td align=\"right\">66,00 \u20ac<\/td><td>&nbsp;<\/td><td>26.05.2014<\/td><td>PhDr. \u017dilin\u010d\u00edk Juraj<\/td><td>Tatransk\u00e1 59, BB<\/td><td>40168301<\/td><td>PhDr. \u013dubom\u00edr Tich\u00fd<\/td><td>riadite\u013e<\/td><\/tr><tr><td>36.<\/td><td>Pr\u00edprava mot. vozidla a pr\u00edvesu na STK<\/td><td align=\"right\">267,20 \u20ac<\/td><td>&nbsp;<\/td><td>26.05.2014<\/td><td>BIP Motors s.r.o.<\/td><td>Sl\u00e1dkovi\u010dova 37, BB<\/td><td>44465190<\/td><td>PhDr. \u013dubom\u00edr Tich\u00fd<\/td><td>riadite\u013e<\/td><\/tr><tr><td>37.<\/td><td>Oprava zatekaj\u00facej strechy<\/td><td align=\"right\">115,80 \u20ac<\/td><td>&nbsp;<\/td><td>28.05.2014<\/td><td>StrechyBB, s.r.o.<\/td><td>Majersk\u00e1 cesta 36, BB<\/td><td>46050701<\/td><td>PhDr. \u013dubom\u00edr Tich\u00fd<\/td><td>riadite\u013e<\/td><\/tr><tr><td>38.<\/td><td>Rev\u00edzia plynovej kotolne<\/td><td align=\"right\">&nbsp;<\/td><td>&nbsp;<\/td><td>29.05.2014<\/td><td>Gamo-Instal s.r.o.<\/td><td>Ban\u00edcka 70, Malachov<\/td><td>36627429<\/td><td>PhDr. \u013dubom\u00edr Tich\u00fd<\/td><td>riadite\u013e<\/td><\/tr><tr><td>39.<\/td><td>Jed\u00e1lne kup\u00f3ny<\/td><td align=\"right\">677,40 \u20ac<\/td><td>&nbsp;<\/td><td>02.06.2014<\/td><td>Le cheque d\u00e9jeuner<\/td><td>Tom\u00e1\u0161ikova 23\/D, BA<\/td><td>31396674<\/td><td>PhDr. \u013dubom\u00edr Tich\u00fd<\/td><td>riadite\u013e<\/td><\/tr><tr><td>40.<\/td><td>\u010cistiace prostriedky <\/td><td align=\"right\">89,08 \u20ac<\/td><td>&nbsp;<\/td><td>02.06.2014<\/td><td>Papera, s.r.o.<\/td><td>\u010cere\u0161\u0148ov\u00e1 17, BB<\/td><td>46082182<\/td><td>PhDr. \u013dubom\u00edr Tich\u00fd<\/td><td>riadite\u013e<\/td><\/tr><tr><td>41.<\/td><td>Kredit za elektronick\u00fa aukciu<\/td><td align=\"right\">12,00 \u20ac<\/td><td>&nbsp;<\/td><td>02.06.2014<\/td><td>Lazar Consulting, s.r.o.<\/td><td>Bratislava, Klarisk\u00e1 10<\/td><td>35740175<\/td><td>PhDr. \u013dubom\u00edr Tich\u00fd<\/td><td>riadite\u013e<\/td><\/tr><tr><td>42.<\/td><td>Servis PC<\/td><td align=\"right\">37,20 \u20ac<\/td><td>&nbsp;<\/td><td>05.06.2014<\/td><td>Zero BB, spol. s r. o.<\/td><td>Bakossova 56, BB<\/td><td>36638498<\/td><td>PhDr. \u013dubom\u00edr Tich\u00fd<\/td><td>riadite\u013e<\/td><\/tr><tr><td>43.<\/td><td>Rev\u00edzia EZS<\/td><td align=\"right\">442,92 \u20ac<\/td><td>&nbsp;<\/td><td>12.06.2014<\/td><td>Kelcom International s.r.o.<\/td><td>Na Trosk\u00e1ch 12, BB<\/td><td>31564020<\/td><td>PhDr. \u013dubom\u00edr Tich\u00fd<\/td><td>riadite\u013e<\/td><\/tr><tr><td>44.<\/td><td>Hygienick\u00e9 potreby<\/td><td align=\"right\">116,50 \u20ac<\/td><td>&nbsp;<\/td><td>16.06.2014<\/td><td>LYNNE SK, s.r.o.<\/td><td>Kvetinov\u00e1 14, BB<\/td><td>36642681<\/td><td>PhDr. \u013dubom\u00edr Tich\u00fd<\/td><td>riadite\u013e<\/td><\/tr><tr><td>45.<\/td><td>Skart\u00e1cia tla\u010d\u00edv<\/td><td align=\"right\">1,20 \u20ac<\/td><td>&nbsp;<\/td><td>25.06.2014<\/td><td>Green Wave Recycling<\/td><td>\u010eurkova 9, Nitra<\/td><td>45539197<\/td><td>PhDr. \u013dubom\u00edr Tich\u00fd<\/td><td>riadite\u013e<\/td><\/tr><tr><td>46.<\/td><td>Jed\u00e1lne kup\u00f3ny<\/td><td align=\"right\">521,40 \u20ac<\/td><td>&nbsp;<\/td><td>27.06.2014<\/td><td>Le cheque d\u00e9jeuner<\/td><td>Tom\u00e1\u0161ikova 23\/D, BA<\/td><td>31396674<\/td><td>PhDr. \u013dubom\u00edr Tich\u00fd<\/td><td>riadite\u013e<\/td><\/tr><tr><td>47.<\/td><td>Servis kop\u00edrky<\/td><td align=\"right\">31.08 \u20ac<\/td><td>&nbsp;<\/td><td>02.07.2014<\/td><td>Ren\u00e9 Gab\u010do, R.G.COPY<\/td><td>Nosice II\/199, P\u00fachov<\/td><td>34749951<\/td><td>PhDr. \u013dubom\u00edr Tich\u00fd<\/td><td>riadite\u013e<\/td><\/tr><tr><td>48.<\/td><td>Um\u00fdvadlo + pr\u00edslu\u0161.<\/td><td align=\"right\">67.86 \u20ac<\/td><td>&nbsp;<\/td><td>08.07.2014<\/td><td>Tova s.r.o.<\/td><td>Myjava, Staromyjavsk\u00e1 19<\/td><td>30998492<\/td><td>PhDr. \u013dubom\u00edr Tich\u00fd<\/td><td>riadite\u013e<\/td><\/tr><tr><td>49. <\/td><td>Kreat\u00edvne potreby<\/td><td align=\"right\">53.00 \u20ac<\/td><td>&nbsp;<\/td><td>03.07.2014<\/td><td>Nomiland s.r.o.<\/td><td>Ko\u0161ice, Magnezit\u00e1rska 11<\/td><td>36174319<\/td><td>PhDr. \u013dubom\u00edr Tich\u00fd<\/td><td>riadite\u013e<\/td><\/tr><tr><td>50.<\/td><td>Jed\u00e1lne kup\u00f3ny<\/td><td align=\"right\">521.40 \u20ac<\/td><td>&nbsp;<\/td><td>04.08.2014<\/td><td>Le cheque d\u00e9jeuner<\/td><td>Tom\u00e1\u0161ikova 23\/D, BA<\/td><td>31396674<\/td><td>PhDr. \u013dubom\u00edr Tich\u00fd<\/td><td>riadite\u013e<\/td><\/tr><tr><td>51.<\/td><td>Ochrann\u00e9 pracovn\u00e9 prostriedky<\/td><td align=\"right\">166.70 \u20ac<\/td><td>&nbsp;<\/td><td>04.08.2014<\/td><td>Rempo s.r.o.<\/td><td>Star\u00e1 Vajnorsk\u00e1 19, BA<\/td><td>35819081<\/td><td>PhDr. \u013dubom\u00edr Tich\u00fd<\/td><td>riadite\u013e<\/td><\/tr><tr><td>52.<\/td><td>Oprava notebooku<\/td><td align=\"right\">60.00 \u20ac<\/td><td>&nbsp;<\/td><td>8\/20\/2014<\/td><td>Zero BB, spol. s r. o.<\/td><td>Bakossova 56, BB<\/td><td>36638498<\/td><td>PhDr. \u013dubom\u00edr Tich\u00fd<\/td><td>riadite\u013e<\/td><\/tr><tr><td>53.<\/td><td>Oprava PC<\/td><td align=\"right\">60.00 \u20ac<\/td><td>&nbsp;<\/td><td>8\/22\/2014<\/td><td>Zero BB, spol. s r. o.<\/td><td>Bakossova 56, BB<\/td><td>36638498<\/td><td>PhDr. \u013dubom\u00edr Tich\u00fd<\/td><td>riadite\u013e<\/td><\/tr><tr><td>54.<\/td><td>Tla\u010diare\u0148 Samsung<\/td><td align=\"right\">56.70 \u20ac<\/td><td>&nbsp;<\/td><td>8\/26\/2014<\/td><td>Zero BB, spol. s r. o.<\/td><td>Bakossova 56, BB<\/td><td>36638498<\/td><td>PhDr. \u013dubom\u00edr Tich\u00fd<\/td><td>riadite\u013e<\/td><\/tr><tr><td>55.<\/td><td>Jed\u00e1lne kup\u00f3ny<\/td><td align=\"right\">674.40 \u20ac<\/td><td>&nbsp;<\/td><td>8\/28\/2014<\/td><td>Le cheque d\u00e9jeuner<\/td><td>Tom\u00e1\u0161ikova 23\/D, BA<\/td><td>31396674<\/td><td>PhDr. \u013dubom\u00edr Tich\u00fd<\/td><td>riadite\u013e<\/td><\/tr><tr><td>56.<\/td><td>Skrinka na k\u013e\u00fa\u010de, elektronick\u00fd sejf<\/td><td align=\"right\">207.60 \u20ac<\/td><td>&nbsp;<\/td><td>9\/5\/2014<\/td><td>B2B partner <\/td><td>\u0160ulekova 2, BA<\/td><td>44413467<\/td><td>PhDr. \u013dubom\u00edr Tich\u00fd<\/td><td>riadite\u013e<\/td><\/tr><tr><td>57.<\/td><td>\u010cistiace prostriedky <\/td><td align=\"right\">78.79 \u20ac<\/td><td>&nbsp;<\/td><td>9\/8\/2014<\/td><td>Papera, s.r.o.<\/td><td>\u010cere\u0161\u0148ov\u00e1 17, BB<\/td><td>46082182<\/td><td>PhDr. \u013dubom\u00edr Tich\u00fd<\/td><td>riadite\u013e<\/td><\/tr><tr><td>58.<\/td><td>Ventily<\/td><td align=\"right\">&nbsp;<\/td><td>&nbsp;<\/td><td>9\/12\/2014<\/td><td>Tova s.r.o.<\/td><td>Myjava, Staromyjavsk\u00e1 19<\/td><td>30998492<\/td><td>PhDr. \u013dubom\u00edr Tich\u00fd<\/td><td>riadite\u013e<\/td><\/tr><tr><td>59.<\/td><td>Rohov\u00fd p\u00edsac\u00ed st\u00f4l<\/td><td align=\"right\">89.90 \u20ac<\/td><td>&nbsp;<\/td><td>9\/12\/2014<\/td><td>M\u00f6belix BB<\/td><td>Zvolensk\u00e1 cesta 30, BB<\/td><td>45313351<\/td><td>PhDr. \u013dubom\u00edr Tich\u00fd<\/td><td>riadite\u013e<\/td><\/tr><tr><td>60.<\/td><td>Kancel\u00e1rske potreby<\/td><td align=\"right\">84.55 \u20ac<\/td><td>&nbsp;<\/td><td>26.09.2014<\/td><td>Papera, s.r.o.<\/td><td>\u010cere\u0161\u0148ov\u00e1 17, BB<\/td><td>46082182<\/td><td>PhDr. \u013dubom\u00edr Tich\u00fd<\/td><td>riadite\u013e<\/td><\/tr><tr><td>61.<\/td><td>Knihy<\/td><td align=\"right\">&nbsp;<\/td><td>&nbsp;<\/td><td>26.09.2014<\/td><td>Martinus.sk, s.r.o.<\/td><td>M.R. \u0160tef\u00e1nika 58, Martin<\/td><td>36440531<\/td><td>PhDr. \u013dubom\u00edr Tich\u00fd<\/td><td>riadite\u013e<\/td><\/tr><tr><td>62.<\/td><td>Jed\u00e1lne kup\u00f3ny<\/td><td align=\"right\">713.40 \u20ac<\/td><td>&nbsp;<\/td><td>30.09.2014<\/td><td>Le cheque d\u00e9jeuner<\/td><td>Tom\u00e1\u0161ikova 23\/D, BA<\/td><td>31396674<\/td><td>PhDr. \u013dubom\u00edr Tich\u00fd<\/td><td>riadite\u013e<\/td><\/tr><tr><td>63.<\/td><td>Kosa\u010dka benz\u00ednov\u00e1<\/td><td align=\"right\">377.00 \u20ac<\/td><td>&nbsp;<\/td><td>08.10.2014<\/td><td>Hyriak s.r.o.<\/td><td>\u0160t\u00farova 12, Brezno<\/td><td>36828777<\/td><td>PhDr. \u013dubom\u00edr Tich\u00fd<\/td><td>riadite\u013e<\/td><\/tr><tr><td>64.<\/td><td>Kancel\u00e1rsky n\u00e1bytok<\/td><td align=\"right\">536.29 \u20ac<\/td><td>&nbsp;<\/td><td>09.10.2014<\/td><td>M\u00f6belix BB<\/td><td>Zvolensk\u00e1 cesta 30, BB<\/td><td>45313351<\/td><td>PhDr. \u013dubom\u00edr Tich\u00fd<\/td><td>riadite\u013e<\/td><\/tr><tr><td>65.<\/td><td>Kufr\u00edk s n\u00e1rad\u00edm<\/td><td align=\"right\">215.00 \u20ac<\/td><td>&nbsp;<\/td><td>09.10.2014<\/td><td>NOBIA s.r.o.<\/td><td>Sl\u00e1dkovi\u010dova 98, BB<\/td><td>31609961<\/td><td>PhDr. \u013dubom\u00edr Tich\u00fd<\/td><td>riadite\u013e<\/td><\/tr><tr><td>66.<\/td><td>IP kamera<\/td><td align=\"right\">211.80 \u20ac<\/td><td>&nbsp;<\/td><td>08.10.2014<\/td><td>Mikrohuko s.r.o.<\/td><td>Koll\u00e1rova 11, BB<\/td><td>31560806<\/td><td>PhDr. \u013dubom\u00edr Tich\u00fd<\/td><td>riadite\u013e<\/td><\/tr><tr><td>67.<\/td><td>Toner <\/td><td align=\"right\">24.56 \u20ac<\/td><td>&nbsp;<\/td><td>14.10.2014<\/td><td>Damedis s.r.o.<\/td><td>Dukelsk\u00fdch hrdinov 34, ZV<\/td><td>26931664<\/td><td>PhDr. \u013dubom\u00edr Tich\u00fd<\/td><td>riadite\u013e<\/td><\/tr><tr><td>68.<\/td><td>Hygienick\u00e9 potreby<\/td><td align=\"right\">116.50 \u20ac<\/td><td>&nbsp;<\/td><td>22.10.2014<\/td><td>LYNNE SK, s.r.o.<\/td><td>Kvetinov\u00e1 14, BB<\/td><td>36642681<\/td><td>PhDr. \u013dubom\u00edr Tich\u00fd<\/td><td>riadite\u013e<\/td><\/tr><tr><td>69.<\/td><td>Kovov\u00e1 registra\u010dka<\/td><td align=\"right\">158.40 \u20ac<\/td><td>&nbsp;<\/td><td>29.10.2014<\/td><td>Kovotyp s.r.o.<\/td><td>\u013danov\u00e1 8, BA<\/td><td>35808705<\/td><td>PhDr. \u013dubom\u00edr Tich\u00fd<\/td><td>riadite\u013e<\/td><\/tr><tr><td>70.<\/td><td>Jed\u00e1lne kup\u00f3ny<\/td><td align=\"right\">559.65 \u20ac<\/td><td>&nbsp;<\/td><td>29.10.2014<\/td><td>Le cheque d\u00e9jeuner<\/td><td>Tom\u00e1\u0161ikova 23\/D, BA<\/td><td>31396674<\/td><td>PhDr. \u013dubom\u00edr Tich\u00fd<\/td><td>riadite\u013e<\/td><\/tr><tr><td>71.<\/td><td>Rev\u00edzia kom\u00ednov<\/td><td align=\"right\">79.27 \u20ac<\/td><td>&nbsp;<\/td><td>03.11.2014<\/td><td>Rausa s.r.o. <\/td><td>Dru\u017eby 4, BB<\/td><td>36835854<\/td><td>PhDr. \u013dubom\u00edr Tich\u00fd<\/td><td>riadite\u013e<\/td><\/tr><tr><td>72.<\/td><td>Rev\u00edzia hasiacich pr\u00edstrojov<\/td><td align=\"right\">&nbsp;<\/td><td>&nbsp;<\/td><td>03.11.2014<\/td><td>Miromax s.r.o.<\/td><td>Zvolensk\u00e1 cesta 133\/A, BB<\/td><td>31609058<\/td><td>PhDr. \u013dubom\u00edr Tich\u00fd<\/td><td>riadite\u013e<\/td><\/tr><tr><td>73.<\/td><td>Pracovn\u00e1 obuv + odev<\/td><td align=\"right\">98.70 \u20ac<\/td><td>&nbsp;<\/td><td>04.11.2014<\/td><td>Rempo s.r.o.<\/td><td>Star\u00e1 Vajnorsk\u00e1 19, BA<\/td><td>35819081<\/td><td>PhDr. \u013dubom\u00edr Tich\u00fd<\/td><td>riadite\u013e<\/td><\/tr><tr><td>74.<\/td><td>\u010cistiace prostriedky <\/td><td align=\"right\">112.67 \u20ac<\/td><td>&nbsp;<\/td><td>05.11.2014<\/td><td>Papera, s.r.o.<\/td><td>\u010cere\u0161\u0148ov\u00e1 17, BB<\/td><td>46082182<\/td><td>PhDr. \u013dubom\u00edr Tich\u00fd<\/td><td>riadite\u013e<\/td><\/tr><tr><td>75.<\/td><td>Tonery<\/td><td align=\"right\">&nbsp;<\/td><td>&nbsp;<\/td><td>05.11.2014<\/td><td>Damedis s.r.o.<\/td><td>&nbsp;<\/td><td>&nbsp;<\/td><td>PhDr. \u013dubom\u00edr Tich\u00fd<\/td><td>riadite\u013e<\/td><\/tr><tr><td>76.<\/td><td>Extern\u00fd hard disk<\/td><td align=\"right\">78.00 \u20ac<\/td><td>&nbsp;<\/td><td>05.11.2014<\/td><td>Zero BB, spol. s r. o.<\/td><td>Bakossova 56, BB<\/td><td>36638498<\/td><td>PhDr. \u013dubom\u00edr Tich\u00fd<\/td><td>riadite\u013e<\/td><\/tr><tr><td>77.<\/td><td>Kancel\u00e1rske kreslo<\/td><td align=\"right\">64.00 \u20ac<\/td><td>&nbsp;<\/td><td>12.11.2014<\/td><td>Tempo Kondela s.r.o.<\/td><td>N\u00e1m. \u013d. \u0160t\u00fara 28, BB<\/td><td>36409154<\/td><td>PhDr. \u013dubom\u00edr Tich\u00fd<\/td><td>riadite\u013e<\/td><\/tr><tr><td>78.<\/td><td>Eset Endpoint  antivirus lic.<\/td><td align=\"right\">396.00 \u20ac<\/td><td>&nbsp;<\/td><td>19.11.2014<\/td><td>HalSoft s.r.o.<\/td><td>Slne\u010dn\u00e1 40, BB<\/td><td>45681767<\/td><td>PhDr. \u013dubom\u00edr Tich\u00fd<\/td><td>riadite\u013e<\/td><\/tr><tr><td>79.<\/td><td>Kancel\u00e1rsky papier<\/td><td align=\"right\">23.52 \u20ac<\/td><td>&nbsp;<\/td><td>25.11.2014<\/td><td>Papera, s.r.o.<\/td><td>\u010cere\u0161\u0148ov\u00e1 17, BB<\/td><td>46082182<\/td><td>PhDr. \u013dubom\u00edr Tich\u00fd<\/td><td>riadite\u013e<\/td><\/tr><tr><td>80.<\/td><td>Jed\u00e1lne kup\u00f3ny<\/td><td align=\"right\">584.85 \u20ac<\/td><td>&nbsp;<\/td><td>27.11.2014<\/td><td>Le cheque d\u00e9jeuner<\/td><td>Tom\u00e1\u0161ikova 23\/D, BA<\/td><td>31396674<\/td><td>PhDr. \u013dubom\u00edr Tich\u00fd<\/td><td>riadite\u013e<\/td><\/tr><tr><td>81.<\/td><td>Superv\u00edzia<\/td><td align=\"right\">105.00 \u20ac<\/td><td>&nbsp;<\/td><td>09.12.2014<\/td><td>PhDr. \u017dilin\u010d\u00edk Juraj<\/td><td>Tatransk\u00e1 59, BB<\/td><td>40168301<\/td><td>PhDr. \u013dubom\u00edr Tich\u00fd<\/td><td>riadite\u013e<\/td><\/tr><tr><td>82.<\/td><td>Po\u010d\u00edta\u010de <\/td><td align=\"right\">1,992.00 \u20ac<\/td><td>&nbsp;<\/td><td>10.12.2014<\/td><td>Zero BB, spol. s r. o.<\/td><td>Bakossova 56, BB<\/td><td>36638498<\/td><td>PhDr. \u013dubom\u00edr Tich\u00fd<\/td><td>riadite\u013e<\/td><\/tr><tr><td>83.<\/td><td>Svietidl\u00e1, vyp\u00edna\u010de, \u017eiarovky<\/td><td align=\"right\">205.93 \u20ac<\/td><td>&nbsp;<\/td><td>22.12.2014<\/td><td>Osko a.s.<\/td><td>Zvolensk\u00e1 cesta 14, BB<\/td><td>36044717<\/td><td>PhDr. \u013dubom\u00edr Tich\u00fd<\/td><td>riadite\u013e<\/td><\/tr><tr><td>84.<\/td><td>Fotovalec, toner<\/td><td align=\"right\">198.00 \u20ac<\/td><td>&nbsp;<\/td><td>22.12.2014<\/td><td>Ren\u00e9 Gab\u010do, R.G.COPY<\/td><td>Nosice II\/199, P\u00fachov<\/td><td>34749951<\/td><td>PhDr. \u013dubom\u00edr Tich\u00fd<\/td><td>riadite\u013e<\/td><\/tr><tr><td>85.<\/td><td>DVD mechaniky, tonery<\/td><td align=\"right\">268.80 \u20ac<\/td><td>&nbsp;<\/td><td>22.12.2014<\/td><td>Zero BB, spol. s r. o.<\/td><td>Bakossova 56, BB<\/td><td>36638498<\/td><td>PhDr. \u013dubom\u00edr Tich\u00fd<\/td><td>riadite\u013e<\/td><\/tr><tr><td>86.<\/td><td>\u010cistiace prostriedky <\/td><td align=\"right\">90.01 \u20ac<\/td><td>&nbsp;<\/td><td>23.12.2014<\/td><td>Papera, s.r.o.<\/td><td>\u010cere\u0161\u0148ov\u00e1 17, BB<\/td><td>46082182<\/td><td>PhDr. \u013dubom\u00edr Tich\u00fd<\/td><td>riadite\u013e<\/td><\/tr>\n\n\n\n        <!-- END LINES -->\n      <\/tbody><\/table>\n\n\n\n<p><\/p>\n","protected":false},"excerpt":{"rendered":"<p>(z\u00e1kon 546\/2010) Objedn\u00e1vky v zmysle \u00a7 5b z\u00e1kona \u010d. 211\/2000 Z. z. v znen\u00ed neskor\u0161\u00edch zmien a doplnkov. &nbsp; 6. \u00dadaje o dod\u00e1vate\u013eovi 7. Osoba, ktor\u00e1 podp\u00edsala objedn\u00e1vku 1. \u010c. obj. 2. Popis obj. 3. Suma s DPH 4. \u010c. zmluvy 5. D\u00e1tum 6a. N\u00e1zov 6b. Adresa 6c. I\u010cO Meno a priezvisko Funkcia 1. Rev\u00edzia&#8230;<\/p>\n","protected":false},"author":1,"featured_media":0,"parent":121,"menu_order":1,"comment_status":"closed","ping_status":"closed","template":"","meta":{"footnotes":""},"class_list":["post-166","page","type-page","status-publish","hentry"],"_links":{"self":[{"href":"https:\/\/www.cpppap.svsbb.sk\/index.php?rest_route=\/wp\/v2\/pages\/166","targetHints":{"allow":["GET"]}}],"collection":[{"href":"https:\/\/www.cpppap.svsbb.sk\/index.php?rest_route=\/wp\/v2\/pages"}],"about":[{"href":"https:\/\/www.cpppap.svsbb.sk\/index.php?rest_route=\/wp\/v2\/types\/page"}],"author":[{"embeddable":true,"href":"https:\/\/www.cpppap.svsbb.sk\/index.php?rest_route=\/wp\/v2\/users\/1"}],"replies":[{"embeddable":true,"href":"https:\/\/www.cpppap.svsbb.sk\/index.php?rest_route=%2Fwp%2Fv2%2Fcomments&post=166"}],"version-history":[{"count":2,"href":"https:\/\/www.cpppap.svsbb.sk\/index.php?rest_route=\/wp\/v2\/pages\/166\/revisions"}],"predecessor-version":[{"id":297,"href":"https:\/\/www.cpppap.svsbb.sk\/index.php?rest_route=\/wp\/v2\/pages\/166\/revisions\/297"}],"up":[{"embeddable":true,"href":"https:\/\/www.cpppap.svsbb.sk\/index.php?rest_route=\/wp\/v2\/pages\/121"}],"wp:attachment":[{"href":"https:\/\/www.cpppap.svsbb.sk\/index.php?rest_route=%2Fwp%2Fv2%2Fmedia&parent=166"}],"curies":[{"name":"wp","href":"https:\/\/api.w.org\/{rel}","templated":true}]}}