{"id":170,"date":"2024-07-27T14:22:22","date_gmt":"2024-07-27T12:22:22","guid":{"rendered":"http:\/\/www.cpppap.svsbb.sk\/new\/?page_id=170"},"modified":"2024-07-27T16:21:41","modified_gmt":"2024-07-27T14:21:41","slug":"archiv-objednavky-3-2-2-2","status":"publish","type":"page","link":"https:\/\/www.cpppap.svsbb.sk\/?page_id=170","title":{"rendered":"Arch\u00edv: Objedn\u00e1vky &#8211; 2016"},"content":{"rendered":"\n<h2 class=\"wp-block-heading\">(z\u00e1kon 546\/2010)<\/h2>\n\n\n\n<p>Objedn\u00e1vky v zmysle \u00a7 5b z\u00e1kona \u010d. 211\/2000 Z. z. v znen\u00ed neskor\u0161\u00edch zmien a doplnkov.<\/p>\n\n\n\n<table id=\"zverejnovanie\" rules=\"cols\" border=\"1\">\n        <tbody><tr class=\"row1\">\n          <td colspan=\"5\">&nbsp;<\/td>\n          <td colspan=\"3\">6. \u00dadaje o dod\u00e1vate\u013eovi<\/td>\n          <td colspan=\"2\">7. Osoba, ktor\u00e1 podp\u00edsala objedn\u00e1vku <\/td>\n        <\/tr>\n        <tr class=\"row1\">\n          <td>1. \u010c. obj.<\/td>\n          <td width=\"200\">2. Popis obj.<\/td>\n          <td>3. Suma s DPH<\/td>\n          <td>4. \u010c. zmluvy<\/td>\n          <td>5. D\u00e1tum<\/td>\n          <td>6a. N\u00e1zov<\/td>\n          <td>6b. Adresa <\/td>\n          <td>6c. I\u010cO <\/td>\n          <td>Meno a priezvisko<\/td>\n          <td>Funkcia <\/td>\n        <\/tr>\n        <!-- BEGIN LINES -->\n<tr><td>1.<\/td><td>Jed\u00e1lne kup\u00f3ny<\/td><td align=\"right\">358.05 \u20ac<\/td><td>&nbsp;<\/td><td>07.01.2016<\/td><td>Le cheque d\u00e9jeuner<\/td><td>Tom\u00e1\u0161ikova 23\/D, BA<\/td><td>31396674<\/td><td>PhDr. \u013dubom\u00edr Tich\u00fd<\/td><td>riadite\u013e<\/td><\/tr><tr><td>2.<\/td><td>Oprava PC<\/td><td align=\"right\">144.00 \u20ac<\/td><td>&nbsp;<\/td><td>07.01.2016<\/td><td>Zero BB, spol. s r. o.<\/td><td>Bakossova 56, BB<\/td><td>36638498<\/td><td>PhDr. \u013dubom\u00edr Tich\u00fd<\/td><td>riadite\u013e<\/td><\/tr><tr><td>3.<\/td><td>Tonery<\/td><td align=\"right\">55.20 \u20ac<\/td><td>&nbsp;<\/td><td>11.01.2016<\/td><td>Amicomp BB s.r.o.<\/td><td>Bernol\u00e1kova 14\/B, BB<\/td><td>36035971<\/td><td>PhDr. \u013dubom\u00edr Tich\u00fd<\/td><td>riadite\u013e<\/td><\/tr><tr><td>4.<\/td><td>Kniha &#8222;Finan\u010dn\u00e1 kontrola&#8220;<\/td><td align=\"right\">14.50 \u20ac<\/td><td>&nbsp;<\/td><td>20.01.2016<\/td><td>Wolters Kluver s.r.o.<\/td><td>Mlynsk\u00e9 nivy 48, BA<\/td><td>31348262<\/td><td>PhDr. \u013dubom\u00edr Tich\u00fd<\/td><td>riadite\u013e<\/td><\/tr><tr><td>5.<\/td><td>Jed\u00e1lne kup\u00f3ny<\/td><td align=\"right\">216.30 \u20ac<\/td><td>&nbsp;<\/td><td>29.01.2016<\/td><td>Le cheque d\u00e9jeuner<\/td><td>Tom\u00e1\u0161ikova 23\/D, BA<\/td><td>31396674<\/td><td>PhDr. \u013dubom\u00edr Tich\u00fd<\/td><td>riadite\u013e<\/td><\/tr><tr><td>6.<\/td><td>P\u00e1ska Tze, adapt\u00e9r<\/td><td align=\"right\">35.53 \u20ac<\/td><td>&nbsp;<\/td><td>29.01.2016<\/td><td>Amicomp BB s.r.o.<\/td><td>Bernol\u00e1kova 14\/B, BB<\/td><td>36035971<\/td><td>PhDr. \u013dubom\u00edr Tich\u00fd<\/td><td>riadite\u013e<\/td><\/tr><tr><td>7.<\/td><td>Mont\u00e1\u017e + n\u00e1ter kon\u0161trukcie<\/td><td align=\"right\">1.560,00 \u20ac<\/td><td>&nbsp;<\/td><td>01.02.2016<\/td><td>Stakov s.r.o<\/td><td>Bansk\u00e1 Bystrica Jegorovova 37<\/td><td>6853839<\/td><td>PhDr. \u013dubom\u00edr Tich\u00fd<\/td><td>riadite\u013e<\/td><\/tr><tr><td>8.<\/td><td>Kanc. potreby, toner<\/td><td align=\"right\">66.48 \u20ac<\/td><td>&nbsp;<\/td><td>19.02.2016<\/td><td>Amicomp BB s.r.o.<\/td><td>Bernol\u00e1kova 14\/B, BB<\/td><td>36035971<\/td><td>PhDr. \u013dubom\u00edr Tich\u00fd<\/td><td>riadite\u013e<\/td><\/tr><tr><td>9.<\/td><td>Tonery<\/td><td align=\"right\">137.58 \u20ac<\/td><td>&nbsp;<\/td><td>24.02.2016<\/td><td>Amicomp BB s.r.o.<\/td><td>Bernol\u00e1kova 14\/B, BB<\/td><td>36035971<\/td><td>PhDr. \u013dubom\u00edr Tich\u00fd<\/td><td>riadite\u013e<\/td><\/tr><tr><td>10.<\/td><td>Megaf\u00f3n<\/td><td align=\"right\">29.90 \u20ac<\/td><td>&nbsp;<\/td><td>25.02.2016<\/td><td>Electronic-star<\/td><td>Star\u00e1 Vajnorsk\u00e1 15, BA<\/td><td>46895680<\/td><td>PhDr. \u013dubom\u00edr Tich\u00fd<\/td><td>riadite\u013e<\/td><\/tr><tr><td>11.<\/td><td>Jed\u00e1lne kup\u00f3ny<\/td><td align=\"right\">216.30 \u20ac<\/td><td>&nbsp;<\/td><td>26.02.2016<\/td><td>Le cheque d\u00e9jeuner<\/td><td>Tom\u00e1\u0161ikova 23\/D, BA<\/td><td>31396674<\/td><td>PhDr. \u013dubom\u00edr Tich\u00fd<\/td><td>riadite\u013e<\/td><\/tr><tr><td>12.<\/td><td>Hygienick\u00e9 potreby<\/td><td align=\"right\">86.40 \u20ac<\/td><td>&nbsp;<\/td><td>02.03.2016<\/td><td>LynneSK, s.r.o.<\/td><td>Bansk\u00e1 Bystrica, Kvetinov\u00e1 14<\/td><td>36642681<\/td><td>PhDr. \u013dubom\u00edr Tich\u00fd<\/td><td>riadite\u013e<\/td><\/tr><tr><td>13.<\/td><td>Servis kop\u00edrky<\/td><td align=\"right\">24.00 \u20ac<\/td><td>&nbsp;<\/td><td>10.03.2016<\/td><td>Ren\u00e9 Gab\u010do, R.G.COPY<\/td><td>Nosice II\/199, P\u00fachov<\/td><td>34749951<\/td><td>PhDr. \u013dubom\u00edr Tich\u00fd<\/td><td>riadite\u013e<\/td><\/tr><tr><td>14.<\/td><td>Jed\u00e1lne kup\u00f3ny<\/td><td align=\"right\">279.30 \u20ac<\/td><td>&nbsp;<\/td><td>30.03.2016<\/td><td>Le cheque d\u00e9jeuner<\/td><td>Tom\u00e1\u0161ikova 23\/D, BA<\/td><td>31396674<\/td><td>PhDr. \u013dubom\u00edr Tich\u00fd<\/td><td>riadite\u013e<\/td><\/tr><tr><td>15.<\/td><td>Servis a rev\u00edzia plynovej kotolne a tlakov\u00fdch zariaden\u00ed<\/td><td align=\"right\">&nbsp;<\/td><td>&nbsp;<\/td><td>06.04.2016<\/td><td>Gamo-Instal s.r.o.<\/td><td>Ban\u00edcka 70, Malachov<\/td><td>36627429<\/td><td>PhDr. \u013dubom\u00edr Tich\u00fd<\/td><td>riadite\u013e<\/td><\/tr><tr><td>16.<\/td><td>Megaf\u00f3n<\/td><td align=\"right\">25.08 \u20ac<\/td><td>&nbsp;<\/td><td>21.04.2016<\/td><td>ITSK <\/td><td>F. Mojtu 22, Nitra<\/td><td>37212931<\/td><td>PhDr. \u013dubom\u00edr Tich\u00fd<\/td><td>riadite\u013e<\/td><\/tr><tr><td>17.<\/td><td>Jed\u00e1lne kup\u00f3ny<\/td><td align=\"right\">232.05 \u20ac<\/td><td>&nbsp;<\/td><td>28.04.2016<\/td><td>Le cheque d\u00e9jeuner<\/td><td>Tom\u00e1\u0161ikova 23\/D, BA<\/td><td>31396674<\/td><td>PhDr. \u013dubom\u00edr Tich\u00fd<\/td><td>riadite\u013e<\/td><\/tr><tr><td>18.<\/td><td>Kontrola kom\u00ednov<\/td><td align=\"right\">79.27 \u20ac<\/td><td>&nbsp;<\/td><td>02.05.2016<\/td><td>Rausa s.r.o.<\/td><td>Dru\u017eby 4, BB<\/td><td>36835824<\/td><td>PhDr. \u013dubom\u00edr Tich\u00fd<\/td><td>riadite\u013e<\/td><\/tr><tr><td>19.<\/td><td>STK + EK mot. voz.<\/td><td align=\"right\">211.20 \u20ac<\/td><td>&nbsp;<\/td><td>04.05.2016<\/td><td>AUTOfach s.r.o.<\/td><td>Majersk\u00e1 cesta 5, BB<\/td><td>43954871<\/td><td>PhDr. \u013dubom\u00edr Tich\u00fd<\/td><td>riadite\u013e<\/td><\/tr><tr><td>20.<\/td><td>Plast. kotviaci kol\u00edk<\/td><td align=\"right\">27.36<\/td><td>&nbsp;<\/td><td>16.05.2016<\/td><td>Geomat Slovakia s.r.o.<\/td><td>Rybni\u010dn\u00e1 40, BA<\/td><td>45308012<\/td><td>PhDr. \u013dubom\u00edr Tich\u00fd<\/td><td>riadite\u013e<\/td><\/tr><tr><td>21.<\/td><td>Hygienick\u00e9 potreby<\/td><td align=\"right\">121.82 \u20ac<\/td><td>&nbsp;<\/td><td>18.05.2016<\/td><td>LynneSK, s.r.o.<\/td><td>Kvetinov\u00e1 14, BB<\/td><td>36642681<\/td><td>PhDr. \u013dubom\u00edr Tich\u00fd<\/td><td>riadite\u013e<\/td><\/tr><tr><td>22.<\/td><td>\u010cistiace prostriedky<\/td><td align=\"right\">170.86 \u20ac<\/td><td>&nbsp;<\/td><td>19.05.2016<\/td><td>Marian Luk\u00e1\u010d -Lukart<\/td><td>Sl\u00e1dkovi\u010dova 66, BB<\/td><td>34482768<\/td><td>PhDr. \u013dubom\u00edr Tich\u00fd<\/td><td>riadite\u013e<\/td><\/tr><tr><td>23.<\/td><td>Kanel\u00e1rske potreby<\/td><td align=\"right\">40.28 \u20ac<\/td><td>&nbsp;<\/td><td>19.05.2016<\/td><td>Papera s.r.o.<\/td><td>\u010cere\u0161\u0148ov\u00e1 17, BB<\/td><td>46082182<\/td><td>PhDr. \u013dubom\u00edr Tich\u00fd<\/td><td>riadite\u013e<\/td><\/tr><tr><td>24.<\/td><td>Kanel\u00e1rske potreby<\/td><td align=\"right\">113.84 \u20ac<\/td><td>&nbsp;<\/td><td>20.05.2016<\/td><td>Amicomp BB s.r.o.<\/td><td>Bernol\u00e1kova 14\/B, BB<\/td><td>36035971<\/td><td>PhDr. \u013dubom\u00edr Tich\u00fd<\/td><td>riadite\u013e<\/td><\/tr><tr><td>25.<\/td><td>Servis kop\u00edrky<\/td><td align=\"right\">31.44 \u20ac<\/td><td>&nbsp;<\/td><td>24.05.2016<\/td><td>Ren\u00e9 Gab\u010do, R.G.COPY<\/td><td>Nosice II\/199, P\u00fachov<\/td><td>34749951<\/td><td>PhDr. \u013dubom\u00edr Tich\u00fd<\/td><td>riadite\u013e<\/td><\/tr><tr><td>26.<\/td><td>Prevent\u00edvne psychologick\u00e9 poradnestvo<\/td><td align=\"right\">96.00 \u20ac<\/td><td>&nbsp;<\/td><td>25.05.2016<\/td><td>PhDr. Zacharovsk\u00fd<\/td><td>Bystrick\u00e1 cesta 76, RK<\/td><td>37573497<\/td><td>PhDr. \u013dubom\u00edr Tich\u00fd<\/td><td>riadite\u013e<\/td><\/tr><tr><td>27.<\/td><td>GSM komunik\u00e1tor<\/td><td align=\"right\"><\/td><td>&nbsp;<\/td><td>31.05.2016<\/td><td>Gamo-Instal s.r.o.<\/td><td>Ban\u00edcka 70, Malachov<\/td><td>36627429<\/td><td>PhDr. \u013dubom\u00edr Tich\u00fd<\/td><td>riadite\u013e<\/td><\/tr><tr><td>28.<\/td><td>Jed\u00e1lne kup\u00f3ny<\/td><td align=\"right\">260.40 \u20ac<\/td><td>&nbsp;<\/td><td>01.06.2016<\/td><td>Le cheque d\u00e9jeuner<\/td><td>Tom\u00e1\u0161ikova 23\/D, BA<\/td><td>31396674<\/td><td>PhDr. \u013dubom\u00edr Tich\u00fd<\/td><td>riadite\u013e<\/td><\/tr><tr><td>29.<\/td><td>Odvoz a likvid\u00e1cia bet\u00f3nov\u00fdch gar\u00e1\u017e\u00ed<\/td><td align=\"right\">1,200.00 \u20ac<\/td><td>&nbsp;<\/td><td>03.06.2016<\/td><td>Kart\u00edk s.r.o.<\/td><td>S\u00e1sovsk\u00e1 cesta 83, BB<\/td><td>31577288<\/td><td>PhDr. \u013dubom\u00edr Tich\u00fd<\/td><td>riadite\u013e<\/td><\/tr><tr><td>30.<\/td><td>Vymazanie d\u00e1t z HDD z vyraden\u00fdch PC<\/td><td align=\"right\">144.00 \u20ac<\/td><td>&nbsp;<\/td><td>13.06.2016<\/td><td>HalSoft s.r.o.<\/td><td>Slne\u010dn\u00e1 40, BB<\/td><td>45681767<\/td><td>PhDr. \u013dubom\u00edr Tich\u00fd<\/td><td>riadite\u013e<\/td><\/tr><tr><td>31.<\/td><td>Kancel\u00e1rske potreby<\/td><td align=\"right\">73.66 \u20ac<\/td><td>&nbsp;<\/td><td>14.06.2016<\/td><td>Amicomp BB s.r.o.<\/td><td>Bernol\u00e1kova 14\/B, BB<\/td><td>36035971<\/td><td>PhDr. \u013dubom\u00edr Tich\u00fd<\/td><td>riadite\u013e<\/td><\/tr><tr><td>32.<\/td><td>Popruh na krovinorez<\/td><td align=\"right\">69.90 \u20ac<\/td><td>&nbsp;<\/td><td>15.06.2016<\/td><td>Predos &#8211; BB s.r.o.<\/td><td>Predajn\u00e1, Podhr\u00e1dok 357<\/td><td>36625086<\/td><td>PhDr. \u013dubom\u00edr Tich\u00fd<\/td><td>riadite\u013e<\/td><\/tr><tr><td>33.<\/td><td>Kancel\u00e1rske potreby<\/td><td align=\"right\">18.32 \u20ac<\/td><td>&nbsp;<\/td><td>20.06.2016<\/td><td>Amicomp BB s.r.o.<\/td><td>Bernol\u00e1kova 14\/B, BB<\/td><td>36035971<\/td><td>PhDr. \u013dubom\u00edr Tich\u00fd<\/td><td>riadite\u013e<\/td><\/tr><tr><td>34.<\/td><td>Jed\u00e1lne kup\u00f3ny<\/td><td align=\"right\">575.40 \u20ac<\/td><td>&nbsp;<\/td><td>06.07.2016<\/td><td>Le cheque d\u00e9jeuner<\/td><td>Tom\u00e1\u0161ikova 23\/D, BA<\/td><td>31396674<\/td><td>PhDr. \u013dubom\u00edr Tich\u00fd<\/td><td>riadite\u013e<\/td><\/tr><tr><td>35.<\/td><td>Optick\u00fd valec<\/td><td align=\"right\">168.00 \u20ac<\/td><td>&nbsp;<\/td><td>06.07.2016<\/td><td>Ren\u00e9 Gab\u010do, R.G.COPY<\/td><td>Nosice II\/199, P\u00fachov<\/td><td>34749951<\/td><td>PhDr. \u013dubom\u00edr Tich\u00fd<\/td><td>riadite\u013e<\/td><\/tr><tr><td>36.<\/td><td>Pokl\u00e1dka schodov proti\u0161mykovou dla\u017ebou<\/td><td align=\"right\">2,351.17 \u20ac<\/td><td>&nbsp;<\/td><td>25.07.2016<\/td><td>IMPRO-STAV s.r.o.<\/td><td>Ban\u00edcka 64, Malachov<\/td><td>43990908<\/td><td>PhDr. \u013dubom\u00edr Tich\u00fd<\/td><td>riadite\u013e<\/td><\/tr><tr><td>37.<\/td><td>Rev\u00edzia el. spotrebi\u010dov<\/td><td align=\"right\">347.6<\/td><td>&nbsp;<\/td><td>05.09.2016<\/td><td>Ing. Bab\u010dan Adri\u00e1n<\/td><td>Pod Kalv\u00e1riou 2, BB<\/td><td>32019611<\/td><td>PhDr. \u013dubom\u00edr Tich\u00fd<\/td><td>riadite\u013e<\/td><\/tr><tr><td>38.<\/td><td>\u0160kolenie WinIBEU<\/td><td align=\"right\">35.60 \u20ac<\/td><td>&nbsp;<\/td><td>05.09.2016<\/td><td>Ives Ko\u0161ice<\/td><td>\u010csl. arm\u00e1dy 20, KE<\/td><td>162957<\/td><td>PhDr. \u013dubom\u00edr Tich\u00fd<\/td><td>riadite\u013e<\/td><\/tr><tr><td>39.<\/td><td>Jed\u00e1lne kup\u00f3ny<\/td><td align=\"right\">244.65 \u20ac<\/td><td>&nbsp;<\/td><td>05.09.2016<\/td><td>Le cheque d\u00e9jeuner<\/td><td>Tom\u00e1\u0161ikova 23\/D, BA<\/td><td>31396674<\/td><td>PhDr. \u013dubom\u00edr Tich\u00fd<\/td><td>riadite\u013e<\/td><\/tr><tr><td>40.<\/td><td>\u010cistiace prostriedky<\/td><td align=\"right\">169.99<\/td><td>&nbsp;<\/td><td>06.09.2016<\/td><td>Marian Luk\u00e1\u010d -Lukart<\/td><td>Sl\u00e1dkovi\u010dova 66, BB<\/td><td>34482768<\/td><td>PhDr. \u013dubom\u00edr Tich\u00fd<\/td><td>riadite\u013e<\/td><\/tr><tr><td>41.<\/td><td>Hygienick\u00e9 potreby<\/td><td align=\"right\">65.38<\/td><td>&nbsp;<\/td><td>06.09.2016<\/td><td>Europapier Slovensko, s.r.o.<\/td><td>Pan\u00f3nska cesta 40, BA<\/td><td>31344381<\/td><td>PhDr. \u013dubom\u00edr Tich\u00fd<\/td><td>riadite\u013e<\/td><\/tr><tr><td>42.<\/td><td>Servis tla\u010diarne<\/td><td align=\"right\">57.60 \u20ac<\/td><td>&nbsp;<\/td><td>13.09.2016<\/td><td>Ren\u00e9 Gab\u010do, R.G.COPY<\/td><td>Nosice II\/199, P\u00fachov<\/td><td>34749951<\/td><td>PhDr. \u013dubom\u00edr Tich\u00fd<\/td><td>riadite\u013e<\/td><\/tr><tr><td>43.<\/td><td>Vys\u00e1va\u010d Bolezzo<\/td><td align=\"right\">164.40 \u20ac<\/td><td>&nbsp;<\/td><td>21.09.2016<\/td><td>B2B Partner s.r.o.<\/td><td>\u0160ulekova 2, BA<\/td><td>44413467<\/td><td>PhDr. \u013dubom\u00edr Tich\u00fd<\/td><td>riadite\u013e<\/td><\/tr><tr><td>44.<\/td><td>Kancel\u00e1rske potreby<\/td><td align=\"right\">197.69 \u20ac<\/td><td>&nbsp;<\/td><td>26.09.2016<\/td><td>Slob-real s.r.o.<\/td><td>Mlynsk\u00e1 42, Selce<\/td><td>44807325<\/td><td>PhDr. \u013dubom\u00edr Tich\u00fd<\/td><td>riadite\u013e<\/td><\/tr><tr><td>45.<\/td><td>Dod\u00e1vka Prestabo tvaroviek na teplovzdu\u0161n\u00e9 rozvody<\/td><td align=\"right\">969.58 \u20ac<\/td><td>&nbsp;<\/td><td>26.09.2016<\/td><td>J\u00e1n \u0160kamla<\/td><td>Rudohorsk\u00e1 28, BB<\/td><td>34258949<\/td><td>PhDr. \u013dubom\u00edr Tich\u00fd<\/td><td>riadite\u013e<\/td><\/tr><tr><td>46.<\/td><td>Jed\u00e1lne kup\u00f3ny<\/td><td align=\"right\">279.30 \u20ac<\/td><td>&nbsp;<\/td><td>04.10.2016<\/td><td>Le cheque d\u00e9jeuner<\/td><td>Tom\u00e1\u0161ikova 23\/D, BA<\/td><td>31396674<\/td><td>PhDr. \u013dubom\u00edr Tich\u00fd<\/td><td>riadite\u013e<\/td><\/tr><tr><td>47.<\/td><td>Po\u010d\u00edta\u010de<\/td><td align=\"right\">284.00 \u20ac<\/td><td>&nbsp;<\/td><td>05.10.2016<\/td><td>GigaComputer Group s.r.o.<\/td><td>Horn\u00e1 18, BB<\/td><td>44121989<\/td><td>PhDr. \u013dubom\u00edr Tich\u00fd<\/td><td>riadite\u013e<\/td><\/tr><tr><td>48.<\/td><td>Z\u00e1stavy<\/td><td align=\"right\">57.60 \u20ac<\/td><td>&nbsp;<\/td><td>13.10.2016<\/td><td>Gajdo\u0161 Gabriel-Reprezent<\/td><td>Sek\u010dovsk\u00e1 19, Raslavice<\/td><td>14287315<\/td><td>PhDr. \u013dubom\u00edr Tich\u00fd<\/td><td>riadite\u013e<\/td><\/tr><tr><td>49.<\/td><td>Ekologickl\u00e1 likvid\u00e1cia vyraden\u00fdch zariaden\u00ed<\/td><td align=\"right\">60.00 \u20ac<\/td><td>&nbsp;<\/td><td>14.10.2016<\/td><td>Ing. Bab\u010dan Adri\u00e1n<\/td><td>Pod Kalv\u00e1riou 2, BB<\/td><td>32019611<\/td><td>PhDr. \u013dubom\u00edr Tich\u00fd<\/td><td>riadite\u013e<\/td><\/tr><tr><td>50.<\/td><td>Oprava a v\u00fdmena el. rozvodov a isti\u010dov<\/td><td align=\"right\">1.707,58 \u20ac<\/td><td>&nbsp;<\/td><td>14.10.2016<\/td><td>J\u00e1n Chomi\u010d<\/td><td>Magursk\u00e1 55, BB<\/td><td>44075022<\/td><td>PhDr. \u013dubom\u00edr Tich\u00fd<\/td><td>riadite\u013e<\/td><\/tr><tr><td>51.<\/td><td>Superv\u00edzia<\/td><td align=\"right\">96.00 \u20ac<\/td><td>&nbsp;<\/td><td>17.10.2016<\/td><td>PhDr. Zacharovsk\u00fd<\/td><td>Bystrick\u00e1 cesta 76, RK<\/td><td>37573497<\/td><td>PhDr. \u013dubom\u00edr Tich\u00fd<\/td><td>riadite\u013e<\/td><\/tr><tr><td>52.<\/td><td>Rev\u00edzia kom\u00ednov<\/td><td align=\"right\">&nbsp;<\/td><td>&nbsp;<\/td><td>28.10.2016<\/td><td>Rausa s.r.o.<\/td><td>Dru\u017eby 4, BB<\/td><td>36835824<\/td><td>PhDr. \u013dubom\u00edr Tich\u00fd<\/td><td>riadite\u013e<\/td><\/tr><tr><td>53.<\/td><td>Rev\u00edzia hasiacich pr\u00edstrojov<\/td><td align=\"right\">&nbsp;<\/td><td>&nbsp;<\/td><td>28.10.2016<\/td><td>Miromax, s.r.o.<\/td><td>Zvolensk\u00e1 cesta 133\/A, BB<\/td><td>31609058<\/td><td>PhDr. \u013dubom\u00edr Tich\u00fd<\/td><td>riadite\u013e<\/td><\/tr><tr><td>54.<\/td><td>Jed\u00e1lne kup\u00f3ny<\/td><td align=\"right\">232.05 \u20ac<\/td><td>&nbsp;<\/td><td>02.11.2016<\/td><td>Le cheque d\u00e9jeuner<\/td><td>Tom\u00e1\u0161ikova 23\/D, BA<\/td><td>31396674<\/td><td>PhDr. \u013dubom\u00edr Tich\u00fd<\/td><td>riadite\u013e<\/td><\/tr><tr><td>55.<\/td><td>Tonery<\/td><td align=\"right\">242.29 \u20ac<\/td><td>&nbsp;<\/td><td>04.11.2016<\/td><td>Slob-real s.r.o.<\/td><td>Mlynsk\u00e1 42, Selce<\/td><td>44807325<\/td><td>PhDr. \u013dubom\u00edr Tich\u00fd<\/td><td>riadite\u013e<\/td><\/tr><tr><td>56.<\/td><td>Hygienick\u00e9 potreby<\/td><td align=\"right\">122.84 \u20ac<\/td><td>&nbsp;<\/td><td>08.11.2016<\/td><td>Europapier Slovensko, s.r.o.<\/td><td>Pan\u00f3nska cesta 40, BA<\/td><td>31344381<\/td><td>PhDr. \u013dubom\u00edr Tich\u00fd<\/td><td>riadite\u013e<\/td><\/tr><tr><td>57.<\/td><td>WE AC adapt\u00e9r<\/td><td align=\"right\">26.40 \u20ac<\/td><td>&nbsp;<\/td><td>08.11.2016<\/td><td>Zero BB, spol. s r. o.<\/td><td>Bakossova 56, BB<\/td><td>36638498<\/td><td>PhDr. \u013dubom\u00edr Tich\u00fd<\/td><td>riadite\u013e<\/td><\/tr><tr><td>58.<\/td><td>\u010cistiace prostriedky<\/td><td align=\"right\">99,12 \u20ac<\/td><td>&nbsp;<\/td><td>15.11.2016<\/td><td>Marian Luk\u00e1\u010d -Lukart<\/td><td>Sl\u00e1dkovi\u010dova 66, BB<\/td><td>34482768<\/td><td>PhDr. \u013dubom\u00edr Tich\u00fd<\/td><td>riadite\u013e<\/td><\/tr><tr><td>59.<\/td><td>Antivirus  + TuneUp 30 lic<\/td><td align=\"right\">596,40 \u20ac<\/td><td>&nbsp;<\/td><td>23.11.2016<\/td><td>C\u00edgler Sotware a.s.<\/td><td>Plyn\u00e1rensk\u00e1 7\/C, BA<\/td><td>36237337<\/td><td>PhDr. \u013dubom\u00edr Tich\u00fd<\/td><td>riadite\u013e<\/td><\/tr><tr><td>60.<\/td><td>Demont\u00e1\u017e vykurovac\u00edch telies GAMAT<\/td><td align=\"right\">480,00 \u20ac<\/td><td>&nbsp;<\/td><td>28.11.2016<\/td><td>J\u00e1n \u0160kamla<\/td><td>Rudohorsk\u00e1 28, BB<\/td><td>34258949<\/td><td>PhDr. \u013dubom\u00edr Tich\u00fd<\/td><td>riadite\u013e<\/td><\/tr><tr><td>61.<\/td><td>Mobiln\u00e1 skart\u00e1cia dokumentov<\/td><td align=\"right\">35,88 \u20ac<\/td><td>&nbsp;<\/td><td>30.11.2016<\/td><td>GWR s.r.o.<\/td><td>\u010eurkova 9, NR<\/td><td><\/td><td>PhDr. \u013dubom\u00edr Tich\u00fd<\/td><td>riadite\u013e<\/td><\/tr><tr><td>62.<\/td><td>Jed\u00e1lne kup\u00f3ny<\/td><td align=\"right\">212,40 \u20ac<\/td><td>&nbsp;<\/td><td>02.12.2016<\/td><td>Le cheque d\u00e9jeuner<\/td><td>Tom\u00e1\u0161ikova 23\/D, BA<\/td><td>31396674<\/td><td>PhDr. \u013dubom\u00edr Tich\u00fd<\/td><td>riadite\u013e<\/td><\/tr><tr><td>63.<\/td><td>Stierka a ma\u013eovanie stien<\/td><td align=\"right\">718,38 \u20ac<\/td><td>&nbsp;<\/td><td>02.12.2016<\/td><td>Feel Fit BB, s.r.o.<\/td><td>Starohorsk\u00e1 33, BB<\/td><td>46771492<\/td><td>PhDr. \u013dubom\u00edr Tich\u00fd<\/td><td>riadite\u013e<\/td><\/tr><tr><td>64.<\/td><td>Oprava vonkaj\u0161ieho osvetlenia a pr\u00edslu\u0161. elektroin\u0161tal\u00e1cie<\/td><td align=\"right\">208,52 \u20ac<\/td><td>&nbsp;<\/td><td>14.12.2016<\/td><td>J\u00e1n Chomi\u010d<\/td><td>Magursk\u00e1 55, BB<\/td><td>44075022<\/td><td>PhDr. \u013dubom\u00edr Tich\u00fd<\/td><td>riadite\u013e<\/td><\/tr><tr><td>65.<\/td><td>Kancel\u00e1rske potreby<\/td><td align=\"right\">222,94 \u20ac<\/td><td>&nbsp;<\/td><td>15.12.2016<\/td><td>Slob-real s.r.o.<\/td><td>Mlynsk\u00e1 42, Selce<\/td><td>44807325<\/td><td>PhDr. \u013dubom\u00edr Tich\u00fd<\/td><td>riadite\u013e<\/td><\/tr><tr><td>66.<\/td><td>Multifunk\u010dn\u00e9 zar. Conica Minolta Bizhub C25<\/td><td align=\"right\">460,00 \u20ac<\/td><td>&nbsp;<\/td><td>23.12.2016<\/td><td>Ren\u00e9 Gab\u010do, R.G.COPY<\/td><td>Nosice II\/199, P\u00fachov<\/td><td>34749951<\/td><td>PhDr. \u013dubom\u00edr Tich\u00fd<\/td><td>riadite\u013e<\/td><\/tr>\n        <!-- END LINES -->\n      <\/tbody><\/table>\n\n\n\n<p><\/p>\n","protected":false},"excerpt":{"rendered":"<p>(z\u00e1kon 546\/2010) Objedn\u00e1vky v zmysle \u00a7 5b z\u00e1kona \u010d. 211\/2000 Z. z. v znen\u00ed neskor\u0161\u00edch zmien a doplnkov. &nbsp; 6. \u00dadaje o dod\u00e1vate\u013eovi 7. Osoba, ktor\u00e1 podp\u00edsala objedn\u00e1vku 1. \u010c. obj. 2. Popis obj. 3. Suma s DPH 4. \u010c. zmluvy 5. D\u00e1tum 6a. N\u00e1zov 6b. Adresa 6c. I\u010cO Meno a priezvisko Funkcia 1. Jed\u00e1lne&#8230;<\/p>\n","protected":false},"author":1,"featured_media":0,"parent":121,"menu_order":1,"comment_status":"closed","ping_status":"closed","template":"","meta":{"footnotes":""},"class_list":["post-170","page","type-page","status-publish","hentry"],"_links":{"self":[{"href":"https:\/\/www.cpppap.svsbb.sk\/index.php?rest_route=\/wp\/v2\/pages\/170","targetHints":{"allow":["GET"]}}],"collection":[{"href":"https:\/\/www.cpppap.svsbb.sk\/index.php?rest_route=\/wp\/v2\/pages"}],"about":[{"href":"https:\/\/www.cpppap.svsbb.sk\/index.php?rest_route=\/wp\/v2\/types\/page"}],"author":[{"embeddable":true,"href":"https:\/\/www.cpppap.svsbb.sk\/index.php?rest_route=\/wp\/v2\/users\/1"}],"replies":[{"embeddable":true,"href":"https:\/\/www.cpppap.svsbb.sk\/index.php?rest_route=%2Fwp%2Fv2%2Fcomments&post=170"}],"version-history":[{"count":2,"href":"https:\/\/www.cpppap.svsbb.sk\/index.php?rest_route=\/wp\/v2\/pages\/170\/revisions"}],"predecessor-version":[{"id":299,"href":"https:\/\/www.cpppap.svsbb.sk\/index.php?rest_route=\/wp\/v2\/pages\/170\/revisions\/299"}],"up":[{"embeddable":true,"href":"https:\/\/www.cpppap.svsbb.sk\/index.php?rest_route=\/wp\/v2\/pages\/121"}],"wp:attachment":[{"href":"https:\/\/www.cpppap.svsbb.sk\/index.php?rest_route=%2Fwp%2Fv2%2Fmedia&parent=170"}],"curies":[{"name":"wp","href":"https:\/\/api.w.org\/{rel}","templated":true}]}}