{"id":218,"date":"2024-07-27T14:42:01","date_gmt":"2024-07-27T12:42:01","guid":{"rendered":"http:\/\/www.cpppap.svsbb.sk\/new\/?page_id=218"},"modified":"2024-07-27T16:27:29","modified_gmt":"2024-07-27T14:27:29","slug":"objednavky-2-2","status":"publish","type":"page","link":"https:\/\/www.cpppap.svsbb.sk\/?page_id=218","title":{"rendered":"Zmluvy"},"content":{"rendered":"\n<h2 class=\"wp-block-heading\">(z\u00e1kon 546\/2010)<\/h2>\n\n\n\n<table id=\"zverejnovanie\" rules=\"cols\" border=\"1\">\n        <tbody><tr class=\"row1\">\n          <td>\u010c\u00edslo<\/td>\n          <td>N\u00e1zov<\/td>\n          <td>Typ<\/td>\n          <td>Ve\u013ekos\u0165<\/td>\n          <td>Pridan\u00e9 d\u0148a<\/td>\n        <\/tr>\n        <tr>\n          <td>1.<\/td>\n          <td><a class=\"pdf_icon\" href=\"..\/download\/documents\/Dodatok_k_zmluve_OR_PZ.pdf\" target=\"_blank\" rel=\"noopener\">Dodatok_k_zmluve_OR_PZ<\/a><\/td>\n          <td>pdf<\/td>\n          <td>921 kb<\/td>\n          <td>06. 04. 2011<\/td>\n        <\/tr>\n        <tr>\n          <td>2.<\/td>\n          <td><a class=\"pdf_icon\" href=\"..\/download\/documents\/Zmluva T_Mobile_1.pdf\" target=\"_blank\" rel=\"noopener\">Zmluva T_Mobile_1<\/a><\/td>\n          <td>pdf<\/td>\n          <td>3,17 Mb<\/td>\n          <td>06. 04. 2011<\/td>\n        <\/tr>\n        <tr>\n          <td>3.<\/td>\n          <td><a class=\"pdf_icon\" href=\"..\/download\/documents\/Zmluva T_Mobile_2.pdf\" target=\"_blank\" rel=\"noopener\">Zmluva T_Mobile_2<\/a><\/td>\n          <td>pdf<\/td>\n          <td>3,13 Mb<\/td>\n          <td>06. 04. 2011<\/td>\n          <\/tr>\n        <tr>\n          <td>4.<\/td>\n          <td><a class=\"pdf_icon\" href=\"..\/download\/documents\/Zmluva T_Mobile_3.pdf\" target=\"_blank\" rel=\"noopener\">Zmluva T_Mobile_3<\/a><\/td>\n          <td>pdf<\/td>\n          <td>3,23 Mb<\/td>\n          <td>06. 04. 2011<\/td>\n          <\/tr>\n        <tr>\n          <td>5.<\/td>\n          <td><a class=\"pdf_icon\" href=\"..\/download\/documents\/Zmluva T_Mobile_4.pdf\" target=\"_blank\" rel=\"noopener\">Zmluva T_Mobile_4<\/a><\/td>\n          <td>pdf<\/td>\n          <td>3,14 Mb<\/td>\n          <td>06. 04. 2011<\/td>\n          <\/tr>\n        <tr>\n          <td>6.<\/td>\n          <td><a class=\"pdf_icon\" href=\"..\/download\/documents\/Kupna_zmluva_telefon.pdf\" target=\"_blank\" rel=\"noopener\">K\u00fapna_zmluva_telef\u00f3n.pdf<\/a><\/td>\n          <td>pdf<\/td>\n          <td>1,21 Mb<\/td>\n          <td>27. 04. 2011<\/td>\n        <\/tr>\n        <tr>\n          <td>7.<\/td>\n          <td><a class=\"pdf_icon\" href=\"..\/download\/documents\/Dotatok_k_zmluve_o_pripojeni_1.pdf\" target=\"_blank\" rel=\"noopener\">Dotatok_k_zmluve_o_pripojen\u00ed_1.pdf<\/a><\/td>\n          <td>pdf<\/td>\n          <td>5,02 Mb<\/td>\n          <td>27. 04. 2011<\/td>\n        <\/tr>\n        <tr>\n          <td>8.<\/td>\n          <td><a class=\"pdf_icon\" href=\"..\/download\/documents\/Dotatok_k_zmluve_o_pripojeni_2.pdf\" target=\"_blank\" rel=\"noopener\">Dotatok_k_zmluve_o_pripojen\u00ed_2.pdf<\/a><\/td>\n          <td>pdf<\/td>\n          <td>5,05 Mb<\/td>\n          <td>27. 04. 2011<\/td>\n        <\/tr>\n        <tr>\n          <td>9.<\/td>\n          <td><a class=\"pdf_icon\" href=\"..\/download\/documents\/Zmluva_o_dielo.pdf\" target=\"_blank\" rel=\"noopener\">Zmluva_o_dielo.pdf<\/a><\/td>\n          <td>pdf<\/td>\n          <td>3,58 Mb<\/td>\n          <td>03. 10. 2011<\/td>\n        <\/tr>\n        <tr>\n          <td>10.<\/td>\n          <td><a class=\"pdf_icon\" href=\"..\/download\/documents\/Dodatok_c2.pdf\" target=\"_blank\" rel=\"noopener\">Dodatok \u010d. 2 Le Cheque D\u00e9jeuner<\/a><\/td>\n          <td>pdf<\/td>\n          <td>1 Mb<\/td>\n          <td>13. 10. 2011<\/td>\n        <\/tr>\n        <tr>\n          <td>11.<\/td>\n          <td><a class=\"pdf_icon\" href=\"..\/download\/documents\/Licencna_zmluva_ASPI.pdf\" target=\"_blank\" rel=\"noopener\">Licen\u010dn\u00e1 zmluva ASPI<\/a><\/td>\n          <td>pdf<\/td>\n          <td>2.43 Mb<\/td>\n          <td>09. 12. 2011<\/td>\n        <\/tr>\n        <tr>\n          <td>12.<\/td>\n          <td><a class=\"pdf_icon\" href=\"..\/download\/documents\/PZP_mot_prives.pdf\" target=\"_blank\" rel=\"noopener\">PZP_mot_pr\u00edves<\/a><\/td>\n          <td>pdf<\/td>\n          <td>961 kb<\/td>\n          <td>19. 12. 2011<\/td>\n        <\/tr>\n        <tr>\n          <td>13.<\/td>\n          <td><a class=\"pdf_icon\" href=\"..\/download\/documents\/PZP_mot_vozidlo.pdf\" target=\"_blank\" rel=\"noopener\">PZP_mot_vozidlo<\/a><\/td>\n          <td>pdf<\/td>\n          <td>1 Mb<\/td>\n          <td>19. 12. 2011<\/td>\n        <\/tr>\n        <tr>\n          <td>14.<\/td>\n          <td><a class=\"pdf_icon\" href=\"..\/download\/documents\/ZoD_dvere.pdf\" target=\"_blank\" rel=\"noopener\">ZoD dvere<\/a><\/td>\n          <td>pdf<\/td>\n          <td>194 kb<\/td>\n          <td>19. 12. 2011<\/td>\n        <\/tr>\n        <tr>\n          <td>15.<\/td>\n          <td><a class=\"pdf_icon\" href=\"..\/download\/documents\/KZ_2012_CPPPaP_BB_komplet.pdf\" target=\"_blank\" rel=\"noopener\">KZ 2012 CPPPaP BB komplet<\/a><\/td>\n          <td>pdf<\/td>\n          <td>1.40 Mb<\/td>\n          <td>23. 12. 2011<\/td>\n        <\/tr>\n        <tr>\n          <td>16.<\/td>\n          <td><a class=\"pdf_icon\" href=\"..\/download\/documents\/Zmluva_o_spolupraci_s_VUDPaP_Bratislava.pdf\" target=\"_blank\" rel=\"noopener\">Zmluva o spolupr\u00e1ci s V\u00daDPaP Bratislava<\/a><\/td>\n          <td>pdf<\/td>\n          <td>349 kb<\/td>\n          <td>25. 11. 2013<\/td>\n        <\/tr>\n        <tr>\n          <td>17.<\/td>\n          <td><a class=\"pdf_icon\" href=\"..\/download\/documents\/REALIZACNA_ZMLUVA_pre_CPPPaP_Banska_Bystrica_2022.pdf\" target=\"_blank\" rel=\"noopener\">Realiza\u010dn\u00e1 zmluva pre CPPPaP Bansk\u00e1 Bystrica 2022<\/a><\/td>\n          <td>pdf<\/td>\n          <td>665 kb<\/td>\n          <td>30. 11. 2022<\/td>\n        <\/tr>\n\t\n      <\/tbody><\/table>\n\n\n\n<p><\/p>\n","protected":false},"excerpt":{"rendered":"<p>(z\u00e1kon 546\/2010) \u010c\u00edslo N\u00e1zov Typ Ve\u013ekos\u0165 Pridan\u00e9 d\u0148a 1. Dodatok_k_zmluve_OR_PZ pdf 921 kb 06. 04. 2011 2. Zmluva T_Mobile_1 pdf 3,17 Mb 06. 04. 2011 3. Zmluva T_Mobile_2 pdf 3,13 Mb 06. 04. 2011 4. Zmluva T_Mobile_3 pdf 3,23 Mb 06. 04. 2011 5. Zmluva T_Mobile_4 pdf 3,14 Mb 06. 04. 2011 6. K\u00fapna_zmluva_telef\u00f3n.pdf pdf&#8230;<\/p>\n","protected":false},"author":1,"featured_media":0,"parent":107,"menu_order":0,"comment_status":"closed","ping_status":"closed","template":"","meta":{"footnotes":""},"class_list":["post-218","page","type-page","status-publish","hentry"],"_links":{"self":[{"href":"https:\/\/www.cpppap.svsbb.sk\/index.php?rest_route=\/wp\/v2\/pages\/218","targetHints":{"allow":["GET"]}}],"collection":[{"href":"https:\/\/www.cpppap.svsbb.sk\/index.php?rest_route=\/wp\/v2\/pages"}],"about":[{"href":"https:\/\/www.cpppap.svsbb.sk\/index.php?rest_route=\/wp\/v2\/types\/page"}],"author":[{"embeddable":true,"href":"https:\/\/www.cpppap.svsbb.sk\/index.php?rest_route=\/wp\/v2\/users\/1"}],"replies":[{"embeddable":true,"href":"https:\/\/www.cpppap.svsbb.sk\/index.php?rest_route=%2Fwp%2Fv2%2Fcomments&post=218"}],"version-history":[{"count":4,"href":"https:\/\/www.cpppap.svsbb.sk\/index.php?rest_route=\/wp\/v2\/pages\/218\/revisions"}],"predecessor-version":[{"id":310,"href":"https:\/\/www.cpppap.svsbb.sk\/index.php?rest_route=\/wp\/v2\/pages\/218\/revisions\/310"}],"up":[{"embeddable":true,"href":"https:\/\/www.cpppap.svsbb.sk\/index.php?rest_route=\/wp\/v2\/pages\/107"}],"wp:attachment":[{"href":"https:\/\/www.cpppap.svsbb.sk\/index.php?rest_route=%2Fwp%2Fv2%2Fmedia&parent=218"}],"curies":[{"name":"wp","href":"https:\/\/api.w.org\/{rel}","templated":true}]}}