{"id":236,"date":"2024-07-27T14:54:40","date_gmt":"2024-07-27T12:54:40","guid":{"rendered":"http:\/\/www.cpppap.svsbb.sk\/new\/?page_id=236"},"modified":"2024-07-27T14:54:40","modified_gmt":"2024-07-27T12:54:40","slug":"zverejnovanie-2-3","status":"publish","type":"page","link":"https:\/\/www.cpppap.svsbb.sk\/?page_id=236","title":{"rendered":"Podlimitn\u00e9 z\u00e1kazky"},"content":{"rendered":"\n<p><strong>Verejn\u00fd obstar\u00e1vate\u013e:<\/strong> CPP Bansk\u00e1 Bystrica<br><strong>S\u00eddlo:<\/strong> Ml\u00e1de\u017en\u00edcka 34, Bansk\u00e1 Bystrica<br><strong>\u0160tatut\u00e1rny z\u00e1stupca:<\/strong> PhDr. \u013dubom\u00edr Tich\u00fd, riadite\u013e<\/p>\n\n\n\n<p>CPP je verejn\u00fdm obstar\u00e1vate\u013eom pod\u013ea \u00a7 6 ods. 1 p\u00edsm. d) z\u00e1kona \u010d. 25\/2006 o verejnom obstar\u00e1van\u00ed a o zmene a doplnen\u00ed niektor\u00fdch z\u00e1konov v znen\u00ed neskor\u0161\u00edch predpisov a pri zad\u00e1van\u00ed z\u00e1kaziek postupuje v zmysle jednotliv\u00fdch ustanoven\u00ed tohto Z\u00e1kona.<br>Verejn\u00fdm obstar\u00e1van\u00edm s\u00fa postupy pod\u013ea tohto Z\u00e1kona, ktor\u00fdm sa zad\u00e1vaj\u00fa z\u00e1kazky na dodanie tovaru, z\u00e1kazky na uskuto\u010dnenie stavebn\u00fdch pr\u00e1c, z\u00e1kazky na poskytnutie slu\u017eieb a s\u00fa\u0165a\u017e n\u00e1vrhov.<\/p>\n","protected":false},"excerpt":{"rendered":"<p>Verejn\u00fd obstar\u00e1vate\u013e: CPP Bansk\u00e1 BystricaS\u00eddlo: Ml\u00e1de\u017en\u00edcka 34, Bansk\u00e1 Bystrica\u0160tatut\u00e1rny z\u00e1stupca: PhDr. \u013dubom\u00edr Tich\u00fd, riadite\u013e CPP je verejn\u00fdm obstar\u00e1vate\u013eom pod\u013ea \u00a7 6 ods. 1 p\u00edsm. d) z\u00e1kona \u010d. 25\/2006 o verejnom obstar\u00e1van\u00ed a o zmene a doplnen\u00ed niektor\u00fdch z\u00e1konov v znen\u00ed neskor\u0161\u00edch predpisov a pri zad\u00e1van\u00ed z\u00e1kaziek postupuje v zmysle jednotliv\u00fdch ustanoven\u00ed tohto Z\u00e1kona.Verejn\u00fdm obstar\u00e1van\u00edm s\u00fa&#8230;<\/p>\n","protected":false},"author":1,"featured_media":0,"parent":231,"menu_order":0,"comment_status":"closed","ping_status":"closed","template":"","meta":{"footnotes":""},"class_list":["post-236","page","type-page","status-publish","hentry"],"_links":{"self":[{"href":"https:\/\/www.cpppap.svsbb.sk\/index.php?rest_route=\/wp\/v2\/pages\/236","targetHints":{"allow":["GET"]}}],"collection":[{"href":"https:\/\/www.cpppap.svsbb.sk\/index.php?rest_route=\/wp\/v2\/pages"}],"about":[{"href":"https:\/\/www.cpppap.svsbb.sk\/index.php?rest_route=\/wp\/v2\/types\/page"}],"author":[{"embeddable":true,"href":"https:\/\/www.cpppap.svsbb.sk\/index.php?rest_route=\/wp\/v2\/users\/1"}],"replies":[{"embeddable":true,"href":"https:\/\/www.cpppap.svsbb.sk\/index.php?rest_route=%2Fwp%2Fv2%2Fcomments&post=236"}],"version-history":[{"count":2,"href":"https:\/\/www.cpppap.svsbb.sk\/index.php?rest_route=\/wp\/v2\/pages\/236\/revisions"}],"predecessor-version":[{"id":248,"href":"https:\/\/www.cpppap.svsbb.sk\/index.php?rest_route=\/wp\/v2\/pages\/236\/revisions\/248"}],"up":[{"embeddable":true,"href":"https:\/\/www.cpppap.svsbb.sk\/index.php?rest_route=\/wp\/v2\/pages\/231"}],"wp:attachment":[{"href":"https:\/\/www.cpppap.svsbb.sk\/index.php?rest_route=%2Fwp%2Fv2%2Fmedia&parent=236"}],"curies":[{"name":"wp","href":"https:\/\/api.w.org\/{rel}","templated":true}]}}