{"id":475,"date":"2024-07-28T15:39:23","date_gmt":"2024-07-28T13:39:23","guid":{"rendered":"http:\/\/www.cpppap.svsbb.sk\/new\/?page_id=475"},"modified":"2026-02-13T14:07:44","modified_gmt":"2026-02-13T13:07:44","slug":"rozdelenie-skol-v-skolskom-roku-2023-2024","status":"publish","type":"page","link":"https:\/\/www.cpppap.svsbb.sk\/?page_id=475","title":{"rendered":"Rozdelenie \u0161k\u00f4l v \u0161kolskom roku 2025\/2026"},"content":{"rendered":"\n<h2 class=\"wp-block-heading\">v okrese Bansk\u00e1 Bystrica<\/h2>\n\n\n\n<details class=\"wp-block-details is-layout-flow wp-block-details-is-layout-flow\"><summary>MATERSK\u00c9 \u0160KOLY<\/summary>\n<table id=\"zverejnovanie\" rules=\"cols\" border=\"1\">\n        <tbody><tr class=\"row1\">\n          <th scope=\"col\"><\/th>\n          <th scope=\"col\">N\u00e1zov \u0161koly<\/th>\n          <th scope=\"col\">Miesto<\/th>\n          <th scope=\"col\">PS\u010c<\/th>\n          <th scope=\"col\">Ulica\/\u010d\u00edslo<\/th>\n          <th scope=\"col\">Psychol\u00f3g<\/th>\n        <\/tr>\n        <!-- MATERSKE SKOLY START -->\n<tr><td>1.\u00a0<\/td><td>Matersk\u00e1 \u0161kola<\/td><td>Bansk\u00e1 Bystrica<\/td><td>974 05<\/td><td>Radvansk\u00e1 26<\/td><td>Mgr. Borovsk\u00e1<\/td><\/tr>\n<tr><td>2.\u00a0<\/td><td>Matersk\u00e1 \u0161kola<\/td><td>Bansk\u00e1 Bystrica<\/td><td>974 11<\/td><td>Odboj\u00e1rov 9<\/td><td>Mgr. Eisnerov\u00e1<\/td><\/tr>\n<tr><td>3.\u00a0<\/td><td>M\u0160 pri Z\u0160 \u0160. Moysesa<\/td><td>Bansk\u00e1 Bystrica<\/td><td>974 01<\/td><td>T. Andra\u0161ovana 42<\/td><td>Mgr. Hajkovsk\u00e1<\/td><\/tr>\n<tr><td>4.\u00a0<\/td><td>Matersk\u00e1 \u0161kola pri Z\u0160<\/td><td>Kr\u00e1liky<\/td><td>976 34<\/td><td>Kr\u00e1liky 62<\/td><td>Mgr. Hajkovsk\u00e1<\/td><\/tr>\n<tr><td>5.\u00a0<\/td><td>Matersk\u00e1 \u0161kola pri Z\u0160<\/td><td>Podkonice<\/td><td>976 41<\/td><td>Podkonice 111<\/td><td>Mgr. Hajkovsk\u00e1 <\/td><\/tr>\n<tr><td>6.\u00a0<\/td><td>Matersk\u00e1 \u0161kola<\/td><td>Tajov<\/td><td>976 34<\/td><td>Tajov 70<\/td><td>Mgr. Hajkovsk\u00e1<\/td><\/tr>\n<tr><td>7.\u00a0<\/td><td>SM\u0160 Maxim<\/td><td>Bansk\u00e1 Bystrica<\/td><td>974 01<\/td><td>N\u00e1m. \u0160. Moysesa 42\/14<\/td><td>Mgr. Hajkovsk\u00e1<\/td><\/tr>\n<tr><td>8.\u00a0<\/td><td>DC \u0160tvorl\u00edstok<\/td><td>Bansk\u00e1 Bystrica<\/td><td>974 01 <\/td><td>N\u00e1m SNP15<\/td><td>Mgr. Hajkovsk\u00e1<\/td><\/tr>\n<tr><td>9.\u00a0<\/td><td>Matersk\u00e1 \u0161kola<\/td><td>Bansk\u00e1 Bystrica<\/td><td>974 04<\/td><td>Tulsk\u00e1 25<\/td><td>Mgr. Ivani\u010dov\u00e1<\/td><\/tr>\n<tr><td>10.<\/td><td>Matersk\u00e1 \u0161kola<\/td><td>Bansk\u00e1 Bystrica<\/td><td>974 04<\/td><td>Dru\u017eby 3<\/td><td>Mgr. J\u00e1no\u0161ov\u00e1<\/td><\/tr>\n<tr><td>11.<\/td><td>Matersk\u00e1 \u0161kola<\/td><td>Bansk\u00e1 Bystrica<\/td><td>974 01<\/td><td>Trieda SNP 77<\/td><td>Mgr. J\u00e1no\u0161ov\u00e1<\/td><\/tr>\n<tr><td>12.<\/td><td>Matersk\u00e1 \u0161kola pri Z\u0160<\/td><td>\u013dubietov\u00e1<\/td><td>976 55<\/td><td>\u013dubietov\u00e1 4<\/td><td>Mgr. J\u00e1no\u0161ov\u00e1<\/td><\/tr>\n<tr><td>13.<\/td><td>Matersk\u00e1 \u0161kola pri Z\u0160<\/td><td>Malachov<\/td><td>974 05<\/td><td>Ban\u00edcka 52<\/td><td>Mgr. J\u00e1no\u0161ov\u00e1<\/td><\/tr>\n<tr><td>14.<\/td><td>Matersk\u00e1 \u0161kola<\/td><td>Selce<\/td><td>976 11<\/td><td>Sel\u010dianska cesta 114<\/td><td>Mgr. J\u00e1no\u0161ov\u00e1<\/td><\/tr>\n<tr><td>15.<\/td><td>Matersk\u00e1 \u0161kola pri Z\u0160<\/td><td>Streln\u00edky<\/td><td>976 55<\/td><td>Streln\u00edky 42<\/td><td>Mgr. J\u00e1no\u0161ov\u00e1<\/td><\/tr>\n<tr><td>16.<\/td><td>SM\u0160 Dr\u00e1\u010dik pri SZ\u0160<\/td><td>Bansk\u00e1 Bystrica<\/td><td>974 04<\/td><td>Ml\u00e1de\u017en\u00edcka 51<\/td><td>Mgr. J\u00e1no\u0161ov\u00e1<\/td><\/tr>\n<tr><td>17.<\/td><td>SDC HUGO<\/td><td>Bansk\u00e1 Bystrica<\/td><td>974 01<\/td><td>Ulica \u010cSA 4<\/td><td>Mgr. J\u00e1no\u0161ov\u00e1<\/td><\/tr>\n<tr><td>18.<\/td><td>LK Mravenisko<\/td><td>Bansk\u00e1 Bystrica<\/td><td>974 01 <\/td><td>Severn\u00e1 14<\/td><td>Mgr. J\u00e1no\u0161ov\u00e1<\/td><\/tr>\n<tr><td>19.<\/td><td>SDC Gombi\u010dka<\/td><td>Bansk\u00e1 Bystrica<\/td><td>974 04 <\/td><td>Ml\u00e1de\u017en\u00edcka 36<\/td><td>Mgr. J\u00e1no\u0161ov\u00e1<\/td><\/tr>\n<tr><td>20.<\/td><td>Matersk\u00e1 \u0161kola<\/td><td>Bansk\u00e1 Bystrica<\/td><td>974 01<\/td><td>29. augusta 14<\/td><td>Mgr. Kalina <\/td><\/tr>\n<tr><td>21.<\/td><td>Matersk\u00e1 \u0161kola<\/td><td>Bansk\u00e1 Bystrica<\/td><td>974 04<\/td><td>Jilemnick\u00e9ho 8<\/td><td>Mgr. Kalina<\/td><\/tr>\n<tr><td>22.<\/td><td>Matersk\u00e1 \u0161kola<\/td><td>Bansk\u00e1 Bystrica<\/td><td>974 01<\/td><td>Profesora S\u00e1ru 3<\/td><td>Mgr. Kalina<\/td><\/tr>\n<tr><td>23.<\/td><td>Matersk\u00e1 \u0161kola<\/td><td>Bansk\u00e1 Bystrica<\/td><td>974 01<\/td><td>Lazovn\u00e1 32<\/td><td>Mgr. Kalina<\/td><\/tr>\n<tr><td>24.<\/td><td>Matersk\u00e1 \u0161kola<\/td><td>Bansk\u00e1 Bystrica<\/td><td>974 05<\/td><td>Radvansk\u00e1 28<\/td><td>Mgr. Kalina<\/td><\/tr>\n<tr><td>25.<\/td><td>S\u00fakr. \u0160peci\u00e1lna M\u0160<\/td><td>Bansk\u00e1 Bystrica<\/td><td>974 04 <\/td><td>Slne\u010dn\u00e1 34<\/td><td>Mgr. Kalina<\/td><\/tr>\n<tr><td>26.<\/td><td>Matersk\u00e1 \u0161kola<\/td><td>Hiade\u013e<\/td><td>976 61<\/td><td>Hiade\u013e<\/td><td>Mgr. Kalina<\/td><\/tr>\n<tr><td>27.<\/td><td>Matersk\u00e1 \u0161kola pri Z\u0160<\/td><td>Medzibrod<\/td><td>976 96<\/td><td>N\u00e1m. hrdinov SNP 24<\/td><td>Mgr. Kalina<\/td><\/tr>\n<tr><td>28.<\/td><td>Matersk\u00e1 \u0161kola pri Z\u0160<\/td><td>Poniky<\/td><td>976 33<\/td><td>Horn\u00e1 240<\/td><td>Mgr. Kalina<\/td><\/tr>\n<tr><td>29.<\/td><td>Matersk\u00e1 \u0161kola<\/td><td>Rie\u010dka<\/td><td>974 01<\/td><td>Rie\u010dka 33<\/td><td>Mgr. Kalina<\/td><\/tr>\n<tr><td>30.<\/td><td>SM\u0160 Hello<\/td><td>Bansk\u00e1 Bystrica<\/td><td>974 01<\/td><td>J. Kr\u00e1\u013ea 11<\/td><td>Mgr. Kalina<\/td><\/tr>\n<tr><td>31.<\/td><td>SM\u0160 Montessori<\/td><td>Bansk\u00e1 Bystrica<\/td><td>974 01 <\/td><td>Trieda SNP 82<\/td><td>Mgr. Kalina<\/td><\/tr>\n<tr><td>32.<\/td><td>\u0160M\u0160 Stadetore<\/td><td>Bansk\u00e1 Bystrica<\/td><td>974 04 <\/td><td>Slne\u010dn\u00e1 34<\/td><td>Mgr. Kalina<\/td><\/tr>\n<tr><td>33.<\/td><td>Matersk\u00e1 \u0161kola<\/td><td>Bansk\u00e1 Bystrica<\/td><td>974 01<\/td><td>Jakubsk\u00e1 77<\/td><td>Mgr. Tald\u00edkov\u00e1<\/td><\/tr>\n<tr><td>34.<\/td><td>Matersk\u00e1 \u0161kola pri Z\u0160<\/td><td>Bansk\u00e1 Bystrica<\/td><td>974 05<\/td><td>Radvansk\u00e1 1<\/td><td>Mgr. Tald\u00edkov\u00e1<\/td><\/tr>\n<tr><td>35.<\/td><td>Matersk\u00e1 \u0161kola<\/td><td>Lu\u010dat\u00edn<\/td><td>976 61<\/td><td>Lu\u010dat\u00edn 54<\/td><td>Mgr. Tald\u00edkov\u00e1<\/td><\/tr>\n<tr><td>36.<\/td><td>Matersk\u00e1 \u0161kola<\/td><td>Nemce<\/td><td>974 01<\/td><td>Nem\u010dianska 130<\/td><td>Mgr. Tald\u00edkov\u00e1<\/td><\/tr>\n<tr><td>37.<\/td><td>Matersk\u00e1 \u0161kola<\/td><td>Slovensk\u00e1 \u013dup\u010da<\/td><td>976 13<\/td><td>Oslobodenia 2<\/td><td>Mgr. Tald\u00edkov\u00e1<\/td><\/tr>\n<tr><td>38.<\/td><td>Matersk\u00e1 \u0161kola<\/td><td>\u0160alkov\u00e1<\/td><td>974 06<\/td><td>Hronsk\u00e1 18<\/td><td>Mgr. Tald\u00edkov\u00e1 <\/td><\/tr>\n<tr><td>39.<\/td><td>SM\u0160 Fakultn\u00e1 nem. F.D.R.<\/td><td>Bansk\u00e1 Bystrica<\/td><td>975 17<\/td><td>N\u00e1m. L. Svobodu 1<\/td><td>Mgr. Tald\u00edkov\u00e1<\/td><\/tr>\n<tr><td>40.<\/td><td>SM\u0160 SPEAK STAR<\/td><td>Bansk\u00e1 Bystrica<\/td><td>974 01<\/td><td>Nad Pl\u00e1\u017eou 7<\/td><td>Mgr. Tald\u00edkov\u00e1<\/td><\/tr>\n<tr><td>41.<\/td><td>SM\u0160 Jah\u00f4dka<\/td><td>Bansk\u00e1 Bystrica<\/td><td>974 05<\/td><td>Kremni\u010dka 53<\/td><td>Mgr. Tald\u00edkov\u00e1<\/td><\/tr>\n<tr><td>42.<\/td><td>Matersk\u00e1 \u0161kola pri Z\u0160<\/td><td>Bansk\u00e1 Bystrica<\/td><td>974 01<\/td><td>J\u00e1na Bakossa 5<\/td><td>Mgr. Vallov\u00e1<\/td><\/tr>\n<tr><td>43.<\/td><td>Matersk\u00e1 \u0161kola<\/td><td>Bansk\u00e1 Bystrica<\/td><td>974 09<\/td><td>Bukov\u00e1 22<\/td><td>Mgr. Vencelov\u00e1<\/td><\/tr>\n<tr><td>44.<\/td><td>Matersk\u00e1 \u0161kola<\/td><td>Bansk\u00e1 Bystrica<\/td><td>974 01<\/td><td>Horn\u00e1 22<\/td><td>Mgr. Vencelov\u00e1<\/td><\/tr>\n<tr><td>45.<\/td><td>Matersk\u00e1 \u0161kola<\/td><td>Bansk\u00e1 Bystrica<\/td><td>974 05<\/td><td>Kremni\u010dka 22<\/td><td>Mgr. Vencelov\u00e1<\/td><\/tr>\n<tr><td>46.<\/td><td>Matersk\u00e1 \u0161kola<\/td><td>Bansk\u00e1 Bystrica<\/td><td>974 09<\/td><td>Na L\u00fa\u010dkach 2<\/td><td>Mgr. Vencelov\u00e1<\/td><\/tr>\n<tr><td>47.<\/td><td>Matersk\u00e1 \u0161kola pri Z\u0160<\/td><td>Bad\u00edn<\/td><td>976 32<\/td><td>Bad\u00edn 329<\/td><td>Mgr. Vencelov\u00e1<\/td><\/tr>\n<tr><td>48.<\/td><td>Matersk\u00e1 \u0161kola pri Z\u0160<\/td><td>Vlkanov\u00e1<\/td><td>976 31<\/td><td>Vlkanovsk\u00e1 68<\/td><td>Mgr. Vencelov\u00e1 <\/td><\/tr>\n<tr><td>49.<\/td><td>Matersk\u00e1 \u0161kola <\/td><td>Hronsek <\/td><td>976 31<\/td><td>Z\u00e1humnie 26<\/td><td>Mgr. Vencelov\u00e1<\/td><\/tr>\n<tr><td>50.<\/td><td>Matersk\u00e1 \u0161kola<\/td><td>Bansk\u00e1 Bystrica<\/td><td>974 01<\/td><td>Cesta k nemocnici 37<\/td><td>Mgr. Vr\u00e1belov\u00e1<\/td><\/tr>\n<tr><td>51.<\/td><td>Matersk\u00e1 \u0161kola<\/td><td>Bansk\u00e1 Bystrica<\/td><td>974 11<\/td><td>Magursk\u00e1 16<\/td><td>Mgr. Vr\u00e1belov\u00e1<\/td><\/tr>\n<tr><td>52.<\/td><td>Matersk\u00e1 \u0161kola<\/td><td>Bansk\u00e1 Bystrica<\/td><td>974 04<\/td><td>Nov\u00e1 2<\/td><td>Mgr. Vr\u00e1belov\u00e1<\/td><\/tr>\n<tr><td>53.<\/td><td>Matersk\u00e1 \u0161kola<\/td><td>Bansk\u00e1 Bystrica<\/td><td>974 11<\/td><td>S\u00e1sovsk\u00e1 cesta 21<\/td><td>Mgr. Vr\u00e1belov\u00e1<\/td><\/tr>\n<tr><td>54.<\/td><td>Matersk\u00e1 \u0161kola<\/td><td>Bansk\u00e1 Bystrica<\/td><td>974 04<\/td><td>\u0160algotarj\u00e1nska 5<\/td><td>Mgr. Vr\u00e1belov\u00e1<\/td><\/tr>\n<tr><td>55.<\/td><td>Matersk\u00e1 \u0161kola<\/td><td>Harmanec<\/td><td>976 03<\/td><td>Harmanec 145<\/td><td>Mgr. Vr\u00e1belov\u00e1<\/td><\/tr>\n<tr><td>56.<\/td><td>Matersk\u00e1 \u0161kola pri Z\u0160<\/td><td>Hrocho\u0165<\/td><td>976 37<\/td><td>Hrocho\u0165 332<\/td><td>Mgr. Vr\u00e1belov\u00e1<\/td><\/tr>\n<tr><td>57.<\/td><td>Matersk\u00e1 \u0161kola<\/td><td>Star\u00e9 Hory<\/td><td>976 02<\/td><td>Star\u00e9 Hory 334<\/td><td>Mgr. Vr\u00e1belov\u00e1<\/td><\/tr>\n<tr><td>58.<\/td><td>SM\u0160 Hviezdi\u010dka <\/td><td>Bansk\u00e1 Bystrica<\/td><td>976 11<\/td><td>\u010eumbierska 36<\/td><td>Mgr. Vr\u00e1belov\u00e1<\/td><\/tr>\n<tr><td>59.<\/td><td>Matersk\u00e1 \u0161kola<\/td><td>Bansk\u00e1 Bystrica<\/td><td>974 01<\/td><td>9. M\u00e1ja 26<\/td><td>Mgr. Vr\u00e1b\u013eov\u00e1<\/td><\/tr>\n<tr><td>60.<\/td><td>Matersk\u00e1 \u0161kola<\/td><td>Bansk\u00e1 Bystrica<\/td><td>974 11<\/td><td>Karpatsk\u00e1 3<\/td><td>Mgr. Vr\u00e1b\u013eov\u00e1<\/td><\/tr>\n<tr><td>61.<\/td><td>Matersk\u00e1 \u0161kola<\/td><td>Bansk\u00e1 Bystrica<\/td><td>974 01<\/td><td>Senick\u00e1 cesta 82<\/td><td>Mgr. Vr\u00e1b\u013eov\u00e1<\/td><\/tr>\n<tr><td>62.<\/td><td>Matersk\u00e1 \u0161kola<\/td><td>Bansk\u00e1 Bystrica<\/td><td>974 01<\/td><td>Na Starej tehelni 7<\/td><td>Mgr. Vr\u00e1b\u013eov\u00e1<\/td><\/tr>\n<tr><td>63.<\/td><td>Matersk\u00e1 \u0161kola<\/td><td>Bansk\u00e1 Bystrica<\/td><td>974 11<\/td><td>Str\u00e1\u017eovsk\u00e1 3<\/td><td>Mgr. Vr\u00e1b\u013eov\u00e1<\/td><\/tr>\n<tr><td>64.<\/td><td>Matersk\u00e1 \u0161kola<\/td><td>Bansk\u00e1 Bystrica<\/td><td>974 11<\/td><td>Tatransk\u00e1 63<\/td><td>Mgr. Vr\u00e1b\u013eov\u00e1<\/td><\/tr>\n<tr><td>65.<\/td><td>Matersk\u00e1 \u0161kola pri Z\u0160<\/td><td>Brusno<\/td><td>976 62<\/td><td>\u0160kolsk\u00e1 622<\/td><td>Mgr. Vr\u00e1b\u013eov\u00e1<\/td><\/tr>\n<tr><td>66.<\/td><td>Matersk\u00e1 \u0161kola pri Z\u0160<\/td><td>Priechod<\/td><td>976 11<\/td><td>Priechod 85<\/td><td>Mgr. Vr\u00e1b\u013eov\u00e1<\/td><\/tr>\n<tr><td>67.<\/td><td>SM\u0160 Rodinn\u00e1 \u0161kola <\/td><td>Bansk\u00e1 Bystrica<\/td><td>974 01<\/td><td>Lazovn\u00e1 6<\/td><td>Mgr. Vr\u00e1b\u013eov\u00e1<\/td><\/tr>\n<tr><td>68.<\/td><td>SM\u0160 Dragon Kids<\/td><td>Bansk\u00e1 Bystrica<\/td><td>974 01<\/td><td>Spojov\u00e1 19<\/td><td>Mgr. Vr\u00e1b\u013eov\u00e1<\/td><\/tr>\n<tr><td>69.<\/td><td>SM\u0160 U\u00a0Macka Mac\u00edka <\/td><td>Bansk\u00e1 Bystrica<\/td><td>974 09<\/td><td>Tajovsk\u00e9ho 5<\/td><td>PaedDr. Lupt\u00e1kov\u00e1<\/td><\/tr>\n<tr><td>70.<\/td><td>\u0160M\u0160 &#8211; Koll\u00e1rov\u00e1<\/td><td>Bansk\u00e1 Bystrica<\/td><td>974 01<\/td><td>Koll\u00e1rov\u00e1 55<\/td><td>PaedDr. Lupt\u00e1kov\u00e1<\/td><\/tr>\n\n\n        <!-- MATERSKE SKOLY END -->\n      <\/tbody><\/table>\n\n\n\n<p><\/p>\n<\/details>\n\n\n\n<details class=\"wp-block-details\"><summary><span class=\"point1 is-layout-flow wp-block-details-is-layout-flow\">Z\u00c1KLADN\u00c9 \u0160KOLY<\/span><a name=\"ZS\">&nbsp;<\/a><\/summary>\n<table id=\"zverejnovanie\" rules=\"cols\" border=\"1\">\n        <tbody><tr class=\"row1\">\n          <th scope=\"col\"><\/th>\n          <th scope=\"col\">N\u00e1zov \u0161koly<\/th>\n          <th scope=\"col\">Miesto<\/th>\n          <th scope=\"col\">PS\u010c<\/th>\n          <th scope=\"col\">Ulica\/\u010d\u00edslo<\/th>\n          <th scope=\"col\">Psychol\u00f3g<\/th>\n        <\/tr>\n        <!-- ZAKLADNE SKOLY START -->\n<tr><td>1. \u00a0<\/td><td>SZ\u0160 Banskobystrick\u00e1<\/td><td>Bansk\u00e1 Bystrica<\/td><td>974 11<\/td><td>Ru\u017eov\u00e1 15B<\/td><td>Mgr. Benkov\u00e1<\/td><\/tr>\n<tr><td>2. \u00a0<\/td><td>\u0160peci\u00e1lna z\u00e1kladn\u00e1 \u0161kola<\/td><td>Bansk\u00e1 Bystrica<\/td><td>974 11<\/td><td>\u010eumbierska 524\/15<\/td><td>Mgr. \u010eurkov\u00e1<\/td><\/tr>\n<tr><td>3. \u00a0<\/td><td>Z\u00e1kladn\u00e1 \u0161kola J. G. Tajovsk\u00e9ho<\/td><td>Bansk\u00e1 Bystrica<\/td><td>974 09<\/td><td>Ga\u0161tanov\u00e1 12<\/td><td>Mgr. Hajkovsk\u00e1<\/td><\/tr>\n<tr><td>4. \u00a0<\/td><td>Z\u00e1kladn\u00e1 \u0161kola s\u00a0M\u0160 \u0160. Moysesa<\/td><td>Bansk\u00e1 Bystrica<\/td><td>974 01<\/td><td>N\u00e1m. \u0160. Moysesa 23<\/td><td>Mgr. Hajkovsk\u00e1<\/td><\/tr>\n<tr><td>5. \u00a0<\/td><td>Malotriedna z\u00e1kladn\u00e1 \u0161kola s\u00a0M\u0160<\/td><td>Podkonice<\/td><td>976 41<\/td><td>\u010d. 284<\/td><td>Mgr. Hajkovsk\u00e1<\/td><\/tr>\n<tr><td>6. \u00a0<\/td><td>Z\u00e1kladn\u00e1 \u0161kola<\/td><td>Bansk\u00e1 Bystrica<\/td><td>974 01<\/td><td>Trieda SNP 20<\/td><td>Mgr. J\u00e1no\u0161ov\u00e1<\/td><\/tr>\n<tr><td>7. \u00a0<\/td><td>S\u00fakromn\u00e1 Z\u0160 a\u00a0SM\u0160  \/Dr\u00e1\u010dik<\/td><td>Bansk\u00e1 Bystrica<\/td><td>974 04<\/td><td>Ml\u00e1de\u017en\u00edcka 51<\/td><td>Mgr. J\u00e1no\u0161ov\u00e1<\/td><\/tr>\n<tr><td>8. \u00a0<\/td><td>Z\u00e1kladn\u00e1 \u0161kola s\u00a0M\u0160 T. G. Masaryka<\/td><td>\u013dubietov\u00e1<\/td><td>976 55<\/td><td>\u010d. 4<\/td><td>Mgr. J\u00e1no\u0161ov\u00e1<\/td><\/tr>\n<tr><td>9. \u00a0<\/td><td>Z\u00e1kladn\u00e1 \u0161kola<\/td><td>Selce<\/td><td>976 11<\/td><td>\u0160kolsk\u00e1 4<\/td><td>Mgr. J\u00e1no\u0161ov\u00e1 <\/td><\/tr>\n<tr><td>10. \u00a0<\/td><td>Malotriedna z\u00e1kladn\u00e1 \u0161kola s\u00a0M\u0160<\/td><td>Malachov<\/td><td>974 05<\/td><td>Ban\u00edcka 52<\/td><td>Mgr. J\u00e1no\u0161ov\u00e1<\/td><\/tr>\n<tr><td>11. \u00a0<\/td><td>Malotriedna z\u00e1kladn\u00e1 \u0161kola<\/td><td>Streln\u00edky<\/td><td>976 55<\/td><td>\u010d. 42<\/td><td>Mgr. J\u00e1no\u0161ov\u00e1<\/td><\/tr>\n<tr><td>12. \u00a0<\/td><td>Z\u00e1kladn\u00e1 \u0161kola s M\u0160<\/td><td>Bansk\u00e1 Bystrica<\/td><td>974 01<\/td><td>J\u00e1na Bakossa 5<\/td><td>Mgr. Kalina<\/td><\/tr>\n<tr><td>13. \u00a0<\/td><td>Z\u00e1kladn\u00e1 \u0161kola s M\u0160<\/td><td>Poniky<\/td><td>976 33<\/td><td>Dru\u017estevn\u00e1 201<\/td><td>Mgr. Kalina<\/td><\/tr>\n<tr><td>14. \u00a0<\/td><td>Malotriedna z\u00e1kladn\u00e1 \u0161kola<\/td><td>Medzibrod<\/td><td>976 96<\/td><td>N\u00e1m. hrdinov SNP 24<\/td><td>Mgr. Kalina<\/td><\/tr>\n<tr><td>15. \u00a0<\/td><td>Malotriedna z\u00e1kladn\u00e1 \u0161kola s M\u0160<\/td><td>Vlkanov\u00e1<\/td><td>976 31<\/td><td>Vlkanovsk\u00e1 68<\/td><td>Mgr. Kalina <\/td><\/tr>\n<tr><td>16. \u00a0<\/td><td>Z\u00e1kladn\u00e1 \u0161kola s M\u0160<\/td><td>Bansk\u00e1 Bystrica<\/td><td>974 05<\/td><td>Radvansk\u00e1 1<\/td><td>Mgr. Tald\u00edkov\u00e1 <\/td><\/tr>\n<tr><td>17. \u00a0<\/td><td>Z\u00e1kladn\u00e1 \u0161kola Ru\u017eov\u00e1 14 \/U Filipa<\/td><td>Bansk\u00e1 Bystrica<\/td><td>974 11<\/td><td>Ru\u017eov\u00e1 14<\/td><td>Mgr. Tald\u00edkov\u00e1<\/td><\/tr>\n<tr><td>18. \u00a0<\/td><td>Z\u00e1kladn\u00e1 \u0161kola Sama Cambela<\/td><td>Slovensk\u00e1 \u013dup\u010da<\/td><td>976 13<\/td><td>\u0160kolsk\u00e1 16<\/td><td>Mgr. Tald\u00edkov\u00e1<\/td><\/tr>\n<tr><td>19. \u00a0<\/td><td>SZ\u0160 SPEAK<\/td><td>Bansk\u00e1 Bystrica<\/td><td>974 01<\/td><td>Kuzm\u00e1nyho 19<\/td><td>Mgr. Tald\u00edkov\u00e1<\/td><\/tr>\n<tr><td>20. \u00a0<\/td><td>Malotriedna z\u00e1kladn\u00e1 \u0161kola<\/td><td>Lu\u010dat\u00edn<\/td><td>976 61<\/td><td>\u010d. 176<\/td><td>Mgr. Tald\u00edkov\u00e1<\/td><\/tr>\n<tr><td>21. \u00a0<\/td><td>Z\u00e1kladn\u00e1 \u0161kola SSV<\/td><td>Bansk\u00e1 Bystrica<\/td><td>974 01<\/td><td>Skuteck\u00e9ho 8<\/td><td>Mgr. Vencelov\u00e1<\/td><\/tr>\n<tr><td>22. \u00a0<\/td><td>Z\u00e1kladn\u00e1 \u0161kola<\/td><td>Bansk\u00e1 Bystrica<\/td><td>974 11<\/td><td>Pieninsk\u00e1 27<\/td><td>Mgr. Vencelov\u00e1 <\/td><\/tr>\n<tr><td>23. \u00a0<\/td><td>Z\u00e1kladn\u00e1 \u0161kola<\/td><td>Bansk\u00e1 Bystrica<\/td><td>974 11<\/td><td>Sitnianska 32<\/td><td>Mgr. Vencelov\u00e1<\/td><\/tr>\n<tr><td>24. \u00a0<\/td><td>Z\u00e1kladn\u00e1 \u0161kola<\/td><td>Bansk\u00e1 Bystrica<\/td><td>974 04<\/td><td>Spojov\u00e1 14<\/td><td>Mgr. Vencelov\u00e1 <\/td><\/tr>\n<tr><td>25. \u00a0<\/td><td>Z\u00e1kladn\u00e1 \u0161kola s\u00a0M\u0160<\/td><td>Bad\u00edn<\/td><td>976 32<\/td><td>Tajovsk\u00e9ho 2<\/td><td>Mgr. Vencelov\u00e1<\/td><\/tr>\n<tr><td>26. \u00a0<\/td><td>Z\u00e1kladn\u00e1 \u0161kola<\/td><td>Bansk\u00e1 Bystrica<\/td><td>974 11<\/td><td>\u010eumbierska 17<\/td><td>Mgr. Vr\u00e1belov\u00e1 <\/td><\/tr>\n<tr><td>27. \u00a0<\/td><td>Z\u00e1kladn\u00e1 \u0161kola s\u00a0M\u0160<\/td><td>Hrocho\u0165<\/td><td>976 37<\/td><td>\u010d. 332<\/td><td>Mgr. Vr\u00e1belov\u00e1<\/td><\/tr>\n<tr><td>28. \u00a0<\/td><td>Z\u00e1kladn\u00e1 \u0161kola<\/td><td>Star\u00e9 Hory<\/td><td>976 02<\/td><td>\u010d. 327<\/td><td>Mgr. Vr\u00e1belov\u00e1<\/td><\/tr>\n<tr><td>29. \u00a0<\/td><td>Malotriedna z\u00e1kladn\u00e1 \u0161kola<\/td><td>Harmanec<\/td><td>976 03<\/td><td>\u010d. 10<\/td><td>Mgr. Vr\u00e1belov\u00e1<\/td><\/tr>\n<tr><td>30. \u00a0<\/td><td>Z\u00e1kladn\u00e1 \u0161kola<\/td><td>Bansk\u00e1 Bystrica<\/td><td>974 01<\/td><td>Golianova 8<\/td><td>Mgr. Vr\u00e1b\u013eov\u00e1<\/td><\/tr>\n<tr><td>31. \u00a0<\/td><td>Z\u00e1kladn\u00e1 \u0161kola<\/td><td>Bansk\u00e1 Bystrica<\/td><td>974 04<\/td><td>Moskovsk\u00e1 2<\/td><td>Mgr. Vr\u00e1b\u013eov\u00e1 <\/td><\/tr>\n<tr><td>32. \u00a0<\/td><td>Z\u00e1kladn\u00e1 \u0161kola \/Narnia<\/td><td>Bansk\u00e1 Bystrica<\/td><td>974 04<\/td><td>Okru\u017en\u00e1 2<\/td><td>Mgr. Vr\u00e1b\u013eov\u00e1<\/td><\/tr>\n<tr><td>33. \u00a0<\/td><td>Z\u00e1kladn\u00e1 \u0161kola s\u00a0M\u0160<\/td><td>Brusno<\/td><td>976 62<\/td><td>\u0160kolsk\u00e1 622<\/td><td>Mgr. Vr\u00e1b\u013eov\u00e1  <\/td><\/tr>\n<tr><td>34. \u00a0<\/td><td>Malotriedna z\u00e1kladn\u00e1 \u0161kola<\/td><td>Rodinn\u00e1 \u0161kola <\/td><td>974 01<\/td><td>Lazovn\u00e1 6<\/td><td>Mgr. Vr\u00e1b\u013eov\u00e1<\/td><\/tr>\n<tr><td>35. \u00a0<\/td><td>Malotriedna z\u00e1kladn\u00e1 \u0161kola s M\u0160<\/td><td>Priechod<\/td><td>976 11<\/td><td>\u010d. 179<\/td><td>Mgr. Vr\u00e1b\u013eov\u00e1<\/td><\/tr>\n       \n          <!-- ZAKLADNE SKOLY END -->\n        \n      <\/tbody><\/table>\n\n\n\n<p><\/p>\n<\/details>\n\n\n\n<details class=\"wp-block-details is-layout-flow wp-block-details-is-layout-flow\"><summary>STREDN\u00c9 \u0160KOLY<\/summary>\n<table id=\"zverejnovanie\" rules=\"cols\" border=\"1\">\n        <tbody><tr class=\"row1\">\n          <th scope=\"col\"><\/th>\n          <th scope=\"col\">N\u00e1zov \u0161koly<\/th>\n          <th scope=\"col\">Miesto<\/th>\n          <th scope=\"col\">PS\u010c<\/th>\n          <th scope=\"col\">Ulica\/\u010d\u00edslo<\/th>\n          <th scope=\"col\">Psychol\u00f3g<\/th>\n        <\/tr>\n<!-- \n<tr><th scope=\"row\"><\/th><th scope=\"row\">&nbsp;<\/th><th scope=\"row\">&nbsp;<\/th><th scope=\"row\">&nbsp;<\/th><th scope=\"row\">&nbsp;<\/th><th scope=\"row\">&nbsp;<\/th><\/tr>\n-->\n<!-- STREDNE SKOLY END -->\n<tr><td>5. \u00a0<\/td><td>1. S\u00fakromn\u00e9 Banskobystrick\u00e9 gymn\u00e1zium<\/td><td>Bansk\u00e1 Bystrica<\/td><td>974 11<\/td><td>Ru\u017eov\u00e1 15<\/td><td>Mgr. Benkov\u00e1<\/td><\/tr>\n<tr><td>6. \u00a0<\/td><td>Evanjelick\u00e9 gymn\u00e1zium<\/td><td>Bansk\u00e1 Bystrica<\/td><td>974 05<\/td><td>Skuteck\u00e9ho 5<\/td><td>Mgr. Hrb\u00e1\u013eov\u00e1<\/td><\/tr>\n<tr><td>8. \u00a0<\/td><td>Gymn\u00e1zium Andreja Sl\u00e1dkovi\u010da<\/td><td>Bansk\u00e1 Bystrica<\/td><td>974 01<\/td><td>Komensk\u00e9ho 18<\/td><td>Mgr. Hrb\u00e1\u013eov\u00e1<\/td><\/tr>\n<tr><td>16. \u00a0<\/td><td>Gymn\u00e1zium J. G. Tajovsk\u00e9ho<\/td><td>Bansk\u00e1 Bystrica<\/td><td>974 09<\/td><td>Tajovsk\u00e9ho 25<\/td><td>Mgr. S\u00falovcov\u00e1<\/td><\/tr>\n<tr><td>7. \u00a0<\/td><td>Gymn\u00e1zium Mikul\u00e1\u0161a Kov\u00e1\u010da<\/td><td>Bansk\u00e1 Bystrica<\/td><td>974 04<\/td><td>Ml\u00e1de\u017en\u00edcka 51<\/td><td>Mgr. Hrb\u00e1\u013eov\u00e1<\/td><\/tr>\n<tr><td>1. \u00a0<\/td><td>Katol\u00edcke gymn\u00e1zium \u0160. Moysesa<\/td><td>Bansk\u00e1 Bystrica<\/td><td>974 01<\/td><td>Hurbanova 9<\/td><td>Mgr. Benkov\u00e1<\/td><\/tr>\n<tr><td>18. \u00a0<\/td><td>Konzervat\u00f3rium J. L. Bellu<\/td><td>Bansk\u00e1 Bystrica<\/td><td>974 01<\/td><td>Skuteck\u00e9ho 27<\/td><td>Mgr. S\u00falovcov\u00e1<\/td><\/tr>\n<tr><td>10. \u00a0<\/td><td>Obchodn\u00e1 akad\u00e9mia M. Frauwirtha<\/td><td>Bansk\u00e1 Bystrica<\/td><td>975 73<\/td><td>Tajovsk\u00e9ho 25<\/td><td>Mgr. Kalina<\/td><\/tr>\n<tr><td>15. \u00a0<\/td><td>Odborn\u00e9 u\u010dili\u0161te intern\u00e1tne Viliama Ga\u0148u<\/td><td>Bansk\u00e1 Bystrica<\/td><td>974 04<\/td><td>Moskovsk\u00e1 17<\/td><td>Mgr. Eisnerov\u00e1<\/td><\/tr>\n<tr><td>3. \u00a0<\/td><td>Spojen\u00e1 \u0161kola \u2013 SO\u0160 automobilov\u00e1<\/td><td>Bansk\u00e1 Bystrica<\/td><td>975 90<\/td><td>\u0160kolsk\u00e1 7<\/td><td>Mgr. Benkov\u00e1<\/td><\/tr>\n<tr><td>4. \u00a0<\/td><td>Spojen\u00e1 \u0161kola \u2013 SO\u0160 elektrotechnick\u00e1<\/td><td>Bansk\u00e1 Bystrica<\/td><td>975 32<\/td><td>Zvolensk\u00e1 cesta 18<\/td><td>Mgr. Benkov\u00e1<\/td><\/tr>\n<tr><td>2. \u00a0<\/td><td>Spojen\u00e1 \u0161kola \u2013 SO\u0160 podnikania<\/td><td>Bansk\u00e1 Bystrica<\/td><td>975 90<\/td><td>\u0160kolsk\u00e1 7<\/td><td>Mgr. Benkov\u00e1<\/td><\/tr>\n<tr><td>13. \u00a0<\/td><td>Spojen\u00e1 \u0161kola \u2013 SO\u0160 stavebn\u00e1<\/td><td>Bansk\u00e1 Bystrica<\/td><td>974 05<\/td><td>Kremni\u010dka 10<\/td><td>Mgr. Kalina<\/td><\/tr>\n<tr><td>12. \u00a0<\/td><td>Spojen\u00e1 \u0161kola \u2013 SP\u0160 stavebn\u00e1<\/td><td>Bansk\u00e1 Bystrica<\/td><td>974 05<\/td><td>Kremni\u010dka 10<\/td><td>Mgr. Kalina<\/td><\/tr>\n<tr><td>14. \u00a0<\/td><td>Stredn\u00e1 odborn\u00e1 \u0161kola<\/td><td>Bansk\u00e1 Bystrica<\/td><td>974 11<\/td><td>Pod Bano\u0161om 80<\/td><td>Mgr. Kalina<\/td><\/tr>\n<tr><td>19. \u00a0<\/td><td>Stredn\u00e1 odborn\u00e1 \u0161kola &#8211; Elokovan\u00e9 pracovisko <\/td><td>Bansk\u00e1 Bystrica<\/td><td>975 90<\/td><td>\u0160kolsk\u00e1 5<\/td><td>Mgr. S\u00falovcov\u00e1<\/td><\/tr>\n<tr><td>20. \u00a0<\/td><td>Stredn\u00e1 odborn\u00e1 \u0161kola informa\u010dn\u00fdch technol\u00f3gi\u00ed<\/td><td>Bansk\u00e1 Bystrica<\/td><td>975 90<\/td><td>Tajovsk\u00e9ho 30<\/td><td>Mgr. S\u00falovcov\u00e1<\/td><\/tr>\n<tr><td>11. \u00a0<\/td><td>Stredn\u00e1 priemyseln\u00e1 \u0161kola J. Murga\u0161a<\/td><td>Bansk\u00e1 Bystrica<\/td><td>975 18<\/td><td>Hurbanova 6<\/td><td>Mgr. Kalina<\/td><\/tr>\n<tr><td>17. \u00a0<\/td><td>Stredn\u00e1 \u0161portov\u00e1 \u0161kola<\/td><td>Bansk\u00e1 Bystrica<\/td><td>974 01<\/td><td>Trieda SNP 54<\/td><td>Mgr. S\u00falovcov\u00e1<\/td><\/tr>\n<tr><td>9. \u00a0<\/td><td>Stredn\u00e1 zdravotn\u00edcka \u0161kola<\/td><td>Bansk\u00e1 Bystrica<\/td><td>974 29<\/td><td>Tajovsk\u00e9ho 24<\/td><td>Mgr. Hrb\u00e1\u013eov\u00e1<\/td><\/tr>\n\n          \n<!-- STREDNE SKOLY END -->\n          \n        <tr>\n          <!--<th scope=\"row\" colspan=\"6\"><p>Pozn\u00e1mka: * \u0161kola m\u00e1 \u0161kolsk\u00e9ho psychol\u00f3ga<\/p><\/th>-->\n        <\/tr>\n      <\/tbody><\/table>\n\n\n\n<p><\/p>\n<\/details>\n\n\n\n<details class=\"wp-block-details is-layout-flow wp-block-details-is-layout-flow\"><summary>\u0160PECI\u00c1LNE \u0160KOLY<\/summary>\n<table id=\"zverejnovanie\" rules=\"cols\" border=\"1\">\n        <tbody><tr class=\"row1\">\n          <th scope=\"col\"><\/th>\n          <th scope=\"col\">N\u00e1zov \u0161koly<\/th>\n          <th scope=\"col\">Miesto<\/th>\n          <th scope=\"col\">PS\u010c<\/th>\n          <th scope=\"col\">Ulica\/\u010d\u00edslo<\/th>\n          <th scope=\"col\">Psychol\u00f3g<\/th>\n        <\/tr>\n<!-- \n<tr><th scope=\"row\"><\/th><th scope=\"row\">&nbsp;<\/th><th scope=\"row\">&nbsp;<\/th><th scope=\"row\">&nbsp;<\/th><th scope=\"row\">&nbsp;<\/th><th scope=\"row\">&nbsp;<\/th><\/tr>\n-->\n<!-- STREDNE SKOLY END -->\n<tr><td>15. \u00a0<\/td><td>Odborn\u00e9 u\u010dili\u0161te intern\u00e1tne Viliama Ga\u0148u<\/td><td>Bansk\u00e1 Bystrica<\/td><td>974 04<\/td><td>Moskovsk\u00e1 17<\/td><td>Mgr. Eisnerov\u00e1<\/td><\/tr>\n<tr><td>5.<\/td><td>\u0160peci\u00e1lna z\u00e1kladn\u00e1 \u0161kola<\/td><td>Bansk\u00e1 Bystrica<\/td><td>974 11<\/td><td>\u010eumbierska 524\/15<\/td><td>Mgr. \u010eurkov\u00e1<\/td><\/tr>\n          \n<!-- STREDNE SKOLY END -->\n          \n        <tr>\n          <!--<th scope=\"row\" colspan=\"6\"><p>Pozn\u00e1mka: * \u0161kola m\u00e1 \u0161kolsk\u00e9ho psychol\u00f3ga<\/p><\/th>-->\n        <\/tr>\n      <\/tbody><\/table>\n\n\n\n<p><\/p>\n<\/details>\n\n\n\n<p><\/p>\n","protected":false},"excerpt":{"rendered":"<p>v okrese Bansk\u00e1 Bystrica<\/p>\n","protected":false},"author":1,"featured_media":0,"parent":0,"menu_order":0,"comment_status":"closed","ping_status":"closed","template":"","meta":{"footnotes":""},"class_list":["post-475","page","type-page","status-publish","hentry"],"_links":{"self":[{"href":"https:\/\/www.cpppap.svsbb.sk\/index.php?rest_route=\/wp\/v2\/pages\/475","targetHints":{"allow":["GET"]}}],"collection":[{"href":"https:\/\/www.cpppap.svsbb.sk\/index.php?rest_route=\/wp\/v2\/pages"}],"about":[{"href":"https:\/\/www.cpppap.svsbb.sk\/index.php?rest_route=\/wp\/v2\/types\/page"}],"author":[{"embeddable":true,"href":"https:\/\/www.cpppap.svsbb.sk\/index.php?rest_route=\/wp\/v2\/users\/1"}],"replies":[{"embeddable":true,"href":"https:\/\/www.cpppap.svsbb.sk\/index.php?rest_route=%2Fwp%2Fv2%2Fcomments&post=475"}],"version-history":[{"count":20,"href":"https:\/\/www.cpppap.svsbb.sk\/index.php?rest_route=\/wp\/v2\/pages\/475\/revisions"}],"predecessor-version":[{"id":1045,"href":"https:\/\/www.cpppap.svsbb.sk\/index.php?rest_route=\/wp\/v2\/pages\/475\/revisions\/1045"}],"wp:attachment":[{"href":"https:\/\/www.cpppap.svsbb.sk\/index.php?rest_route=%2Fwp%2Fv2%2Fmedia&parent=475"}],"curies":[{"name":"wp","href":"https:\/\/api.w.org\/{rel}","templated":true}]}}