{"id":479,"date":"2024-07-28T16:30:09","date_gmt":"2024-07-28T14:30:09","guid":{"rendered":"http:\/\/www.cpppap.svsbb.sk\/new\/?page_id=479"},"modified":"2026-03-26T23:13:40","modified_gmt":"2026-03-26T22:13:40","slug":"asistent-ucitela","status":"publish","type":"page","link":"https:\/\/www.cpppap.svsbb.sk\/?page_id=479","title":{"rendered":"Asistent u\u010dite\u013ea"},"content":{"rendered":"\n<table id=\"zverejnovanie\" width=\"100%\">        \n        <tr>\n          <td><a href=\"https:\/\/www.cpppap.svsbb.sk\/new\/wp-content\/uploads\/Informacie_k_vystaveniu_odporucania_k_prideleniu_AU_skoly.docx\" target=\"_blank\">Inform\u00e1cie k vystaveniu odpor\u00fa\u010dania k prideleniu asistenta u\u010dite\u013ea na \u0161k. rok<\/a><\/td>\n          <td>DOCX<\/td>\n          <td>14 KB<\/td>\n        <\/tr>\n<\/table>\n\n\n\n<p><\/p>\n","protected":false},"excerpt":{"rendered":"<p>Inform\u00e1cie k vystaveniu odpor\u00fa\u010dania k prideleniu asistenta u\u010dite\u013ea na \u0161k. rok DOCX 14 KB<\/p>\n","protected":false},"author":1,"featured_media":0,"parent":0,"menu_order":0,"comment_status":"closed","ping_status":"closed","template":"","meta":{"footnotes":""},"class_list":["post-479","page","type-page","status-publish","hentry"],"_links":{"self":[{"href":"https:\/\/www.cpppap.svsbb.sk\/index.php?rest_route=\/wp\/v2\/pages\/479","targetHints":{"allow":["GET"]}}],"collection":[{"href":"https:\/\/www.cpppap.svsbb.sk\/index.php?rest_route=\/wp\/v2\/pages"}],"about":[{"href":"https:\/\/www.cpppap.svsbb.sk\/index.php?rest_route=\/wp\/v2\/types\/page"}],"author":[{"embeddable":true,"href":"https:\/\/www.cpppap.svsbb.sk\/index.php?rest_route=\/wp\/v2\/users\/1"}],"replies":[{"embeddable":true,"href":"https:\/\/www.cpppap.svsbb.sk\/index.php?rest_route=%2Fwp%2Fv2%2Fcomments&post=479"}],"version-history":[{"count":15,"href":"https:\/\/www.cpppap.svsbb.sk\/index.php?rest_route=\/wp\/v2\/pages\/479\/revisions"}],"predecessor-version":[{"id":1068,"href":"https:\/\/www.cpppap.svsbb.sk\/index.php?rest_route=\/wp\/v2\/pages\/479\/revisions\/1068"}],"wp:attachment":[{"href":"https:\/\/www.cpppap.svsbb.sk\/index.php?rest_route=%2Fwp%2Fv2%2Fmedia&parent=479"}],"curies":[{"name":"wp","href":"https:\/\/api.w.org\/{rel}","templated":true}]}}