{"id":861,"date":"2025-04-24T23:05:55","date_gmt":"2025-04-24T21:05:55","guid":{"rendered":"http:\/\/www.cpppap.svsbb.sk\/?page_id=861"},"modified":"2025-05-23T12:27:59","modified_gmt":"2025-05-23T10:27:59","slug":"slobodny-pristup-k-informaciam","status":"publish","type":"page","link":"https:\/\/www.cpppap.svsbb.sk\/?page_id=861","title":{"rendered":"Slobodn\u00fd pr\u00edstup k inform\u00e1ci\u00e1m"},"content":{"rendered":"\n<p>Centrum poradenstva a prevencie v Banskej Bystrici (\u010falej len &#8222;CPPBB&#8220;) ako povinn\u00e1 osoba zabezpe\u010duje poskytovanie inform\u00e1ci\u00ed v zmysle z\u00e1kona \u010d. 211\/2000 Z. z. o slobodnom pr\u00edstupe k inform\u00e1ci\u00e1m a o zmene a doplnen\u00ed niektor\u00fdch z\u00e1konov (z\u00e1kon o slobode inform\u00e1ci\u00ed) v znen\u00ed neskor\u0161\u00edch predpisov (\u010falej len &#8222;z\u00e1kon o slobode inform\u00e1ci\u00ed&#8220;) ka\u017ed\u00e9mu, kto o inform\u00e1ciu po\u017eiada.<\/p>\n\n\n\n<p>Na z\u00e1klade vy\u0161\u0161ie uveden\u00e9ho z\u00e1kona m\u00e1 ka\u017ed\u00fd pr\u00e1vo na inform\u00e1cie, ktor\u00e9 m\u00e1 povinn\u00e1 osoba k dispoz\u00edci\u00ed. Inform\u00e1cie sa spr\u00edstup\u0148uj\u00fa bez preuk\u00e1zania d\u00f4vodu alebo z\u00e1ujmu, pre ktor\u00fd sa inform\u00e1cia po\u017eaduje.<\/p>\n\n\n\n<p>Inform\u00e1cie sa spr\u00edstup\u0148uj\u00fa bezplatne s v\u00fdnimkou \u00fahrady vo v\u00fd\u0161ke, ktor\u00e1 nesmie prekro\u010di\u0165 v\u00fd\u0161ku materi\u00e1lnych n\u00e1kladov spojen\u00fdch so zhotoven\u00edm k\u00f3pi\u00ed, so zadov\u00e1\u017een\u00edm technick\u00fdch nosi\u010dov a s odoslan\u00edm inform\u00e1cie \u017eiadate\u013eovi (\u00a7 21 ods. 1 prv\u00e1 veta z\u00e1kona o slobode inform\u00e1ci\u00ed).<\/p>\n\n\n\n<p>Na \u017eiados\u0165 CPPBB p\u00edsomne potvrd\u00ed \u017eiadate\u013eovi podanie \u017eiadosti a ozn\u00e1mi mu predpokladan\u00fa v\u00fd\u0161ku \u00fahrady za spr\u00edstupnenie inform\u00e1ci\u00ed pod\u013ea \u00a7 21 ods. 1 prvej vety z\u00e1kona o slobode inform\u00e1ci\u00ed.<\/p>\n\n\n\n<p>CPPBB k vy\u0161\u0161ie uveden\u00e9mu vydal sadzobn\u00edk \u00fahrad materi\u00e1lnych n\u00e1kladov s\u00favisiacich s poskytovan\u00edm inform\u00e1ci\u00ed.<\/p>\n\n\n\n<p>CPPBB m\u00f4\u017ee zaplatenie \u00fahrady odpusti\u0165 (\u00a7 21 ods. 2 z\u00e1kona o slobode inform\u00e1ci\u00ed).<\/p>\n\n\n\n<p>N\u00e1klady na spr\u00edstupnenie inform\u00e1cie pr\u00edstupnou formou osobe so zmyslov\u00fdm postihnut\u00edm zn\u00e1\u0161a CPPBB.<\/p>\n\n\n\n<p><strong>Miesto, \u010das a sp\u00f4sob, ak\u00fdm mo\u017eno z\u00edskava\u0165 inform\u00e1cie (\u00a7 5 ods. 1 p\u00edsm. b) z\u00e1kona o slobode inform\u00e1ci\u00ed):<\/strong><br>&#8211; p\u00edsomne (po\u0161tou) na adresu:<br>   Centrum poradenstva a prevencie, Ml\u00e1de\u017en\u00edcka 34, 974 01 Bansk\u00e1 Bystrica<br>&#8211; p\u00edsomne, osobne do podate\u013ene (na sekretari\u00e1t) CPPBB v \u010dase prev\u00e1dzkovej doby,<br>&#8211; elektronickou po\u0161tou (e-mailom) na adrese info@cppbb.sk nepretr\u017eite,<br>&#8211; telefonicky: 048\/4134751, 048\/4134752 v \u010dase prev\u00e1dzkovej doby,<br>&#8211; \u00fastne v \u010dase prev\u00e1dzkovej doby.<br><strong>Prev\u00e1dzkov\u00e1 doba:<\/strong><br>pondelok 07:30 \u2013 15:30<br>utorok 07:30 \u2013 15:30<br>streda 07:30 \u2013 15:30<br>\u0161tvrtok 07:30 \u2013 15:30<br>piatok 07:30 \u2013 15:30<\/p>\n\n\n\n<p>V pr\u00edpade \u017eiadosti podanej \u00fastne alebo telefonicky, zamestnanec CPPBB zap\u00ed\u0161e \u017eiados\u0165 na pr\u00edslu\u0161n\u00fd formul\u00e1r a zabezpe\u010d\u00ed na sekretari\u00e1te riadite\u013ea jej zaevidovanie do centr\u00e1lnej evidencie \u017eiadost\u00ed. Po jej zaevidovan\u00ed je \u017eiados\u0165 o inform\u00e1cie pridelen\u00e1 pr\u00edslu\u0161n\u00e9mu zamestnancovi, ktor\u00fd zabezpe\u010d\u00ed spr\u00edstupnenie inform\u00e1cie, a to bu\u010f priamo, alebo odkazom na u\u017e zverejnen\u00fa inform\u00e1ciu v s\u00falade s ust. \u00a7 7 z\u00e1kona o slobode inform\u00e1ci\u00ed.<\/p>\n\n\n\n<p>V pr\u00edpade \u017eiadosti podanej elektronicky, zamestnanec, ktor\u00e9mu \u017eiados\u0165 o inform\u00e1cie bola doru\u010den\u00e1, je povinn\u00fd zabezpe\u010di\u0165 jej zaevidovanie do centr\u00e1lnej evidencie \u017eiadost\u00ed.<\/p>\n\n\n\n<p><strong>Miesto, lehota a sp\u00f4sob podania opravn\u00e9ho prostriedku (\u00a7 5 ods. 1 p\u00edsm. c) z\u00e1kona o slobode inform\u00e1ci\u00ed)<\/strong><\/p>\n\n\n\n<p>Proti rozhodnutiu CPPBB o odmietnut\u00ed po\u017eadovanej inform\u00e1cie mo\u017eno poda\u0165 pod\u013ea \u00a7 19 z\u00e1kona o slobodnom pr\u00edstupe k inform\u00e1ci\u00e1m p\u00edsomn\u00e9 odvolanie v lehote 15 dn\u00ed od doru\u010denia rozhodnutia alebo m\u00e1rneho uplynutia lehoty na rozhodnutie o \u017eiadosti pod\u013ea \u00a7 17 z\u00e1kona o slobodnom pr\u00edstupe k inform\u00e1ci\u00e1m. Odvolanie sa pod\u00e1va povinnej osobe, ktor\u00e1 rozhodnutie vydala alebo mala vyda\u0165, t. j. CPPBB.<\/p>\n\n\n\n<p><strong>Inform\u00e1cia o postupe, ktor\u00fd mus\u00ed CPPBB dodr\u017eiava\u0165 pri vybavovan\u00ed \u017eiadosti o inform\u00e1ciu (\u00a7 5 ods. 1 p\u00edsm. d) z\u00e1kona o slobode inform\u00e1ci\u00ed)<\/strong><\/p>\n\n\n\n<p>\u017diados\u0165 o spr\u00edstupnenie inform\u00e1cie CPPBB vybav\u00ed bez zbyto\u010dn\u00e9ho odkladu, najnesk\u00f4r do dvan\u00e1stich pracovn\u00fdch dn\u00ed odo d\u0148a podania \u017eiadosti povinnou osobou alebo odo d\u0148a odstr\u00e1nenia nedostatkov \u017eiadosti pod\u013ea \u00a7 14 ods. 2 a 3 z\u00e1kona o slobode inform\u00e1ci\u00ed a do 15 pracovn\u00fdch dn\u00ed , ak sa spr\u00edstup\u0148uje inform\u00e1cia nevidiacej osobe v pr\u00edstupnej forme pod\u013ea \u00a7 16 ods. 2 p\u00edsm. a) z\u00e1kona o slobode inform\u00e1ci\u00ed.<\/p>\n\n\n\n<p>Zo z\u00e1va\u017en\u00fdch d\u00f4vodov m\u00f4\u017ee CPPBB vy\u0161\u0161ie uveden\u00fa lehotu pred\u013a\u017ei\u0165, najviac v\u0161ak o osem pracovn\u00fdch dn\u00ed a o 15 pracovn\u00fdch dn\u00ed, ak sa spr\u00edstup\u0148uje inform\u00e1cia nevidiacej osobe v pr\u00edstupnej forme pod\u013ea \u00a7 16 ods. 2 p\u00edsm. a) z\u00e1kona o slobode inform\u00e1ci\u00ed.<\/p>\n\n\n\n<p>Z\u00e1va\u017en\u00fdmi d\u00f4vodmi s\u00fa:<br>a) vyh\u013ead\u00e1vanie a zber po\u017eadovan\u00fdch inform\u00e1ci\u00ed na inom mieste, ako je s\u00eddlo CPPBB,<br>b) vyh\u013ead\u00e1vanie a zber v\u00e4\u010d\u0161ieho po\u010dtu oddelen\u00fdch alebo odli\u0161n\u00fdch inform\u00e1ci\u00ed po\u017eadovan\u00fdch na spr\u00edstupnenie v jednej \u017eiadosti,<br>c) preuk\u00e1zate\u013en\u00e9 technick\u00e9 probl\u00e9my spojen\u00e9 s vyh\u013ead\u00e1van\u00edm a spr\u00edstup\u0148ovan\u00edm inform\u00e1cie, o ktor\u00fdch mo\u017eno predpoklada\u0165, \u017ee ich mo\u017eno odstr\u00e1ni\u0165 v r\u00e1mci pred\u013a\u017eenej lehoty.<\/p>\n\n\n\n<p>CPPBB obmedz\u00ed spr\u00edstupnenie inform\u00e1ci\u00ed pod\u013ea \u00a7 8 a nasl. z\u00e1kona o slobode inform\u00e1ci\u00ed. V\u0161etky obmedzenia pr\u00e1va na inform\u00e1cie vykon\u00e1va CPPBB tak, \u017ee spr\u00edstupn\u00ed po\u017eadovan\u00e9 inform\u00e1cie vr\u00e1tane sprievodn\u00fdch inform\u00e1ci\u00ed po vyl\u00fa\u010den\u00ed t\u00fdch inform\u00e1ci\u00ed, pri ktor\u00fdch to ustanovuje z\u00e1kon.<\/p>\n\n\n\n<p>Z\u00e1kon o slobode inform\u00e1ci\u00ed je mo\u017en\u00e9 n\u00e1js\u0165 na pr\u00e1vnom a informa\u010dnom port\u00e1li MS SR: <a href=\"https:\/\/www.slov-lex.sk\/ezbierky\/pravne-predpisy\/SK\/ZZ\/2000\/211\/20250328\">Slov-Lex.sk<\/a><\/p>\n\n\n\n<p>Sadzobn\u00edk: <\/p>\n\n\n\n<div data-wp-interactive=\"core\/file\" class=\"wp-block-file\"><object data-wp-bind--hidden=\"!state.hasPdfPreview\" hidden class=\"wp-block-file__embed\" data=\"http:\/\/www.cpppap.svsbb.sk\/new\/wp-content\/uploads\/Sadzobnik-uhrad-nakladov-za-spristupnenie-informacii-1.pdf\" type=\"application\/pdf\" style=\"width:100%;height:600px\" aria-label=\"Vlo\u017ei\u0165 Sadzobn\u00edk \u00fahrad n\u00e1kladov za spr\u00edstupnenie inform\u00e1ci\u00ed (PDF).\"><\/object><a id=\"wp-block-file--media-9dfb5c7f-8cb3-4a6b-8ee6-6ea3d64111d7\" href=\"http:\/\/www.cpppap.svsbb.sk\/new\/wp-content\/uploads\/Sadzobnik-uhrad-nakladov-za-spristupnenie-informacii-1.pdf\">Sadzobn\u00edk \u00fahrad n\u00e1kladov za spr\u00edstupnenie inform\u00e1ci\u00ed (PDF)<\/a><a href=\"http:\/\/www.cpppap.svsbb.sk\/new\/wp-content\/uploads\/Sadzobnik-uhrad-nakladov-za-spristupnenie-informacii-1.pdf\" class=\"wp-block-file__button wp-element-button\" download aria-describedby=\"wp-block-file--media-9dfb5c7f-8cb3-4a6b-8ee6-6ea3d64111d7\">Stiahnu\u0165<\/a><\/div>\n\n\n\n<p>Vzor \u017eiadosti:<\/p>\n\n\n\n<div class=\"wp-block-file\"><a id=\"wp-block-file--media-f76de6cd-2604-4e4a-9f42-22e3db716585\" href=\"http:\/\/www.cpppap.svsbb.sk\/new\/wp-content\/uploads\/Ziadost-o-poskytnutie-informacii.rtf\">\u017diados\u0165 o poskytnutie inform\u00e1ci\u00ed (RTF)<\/a><a href=\"http:\/\/www.cpppap.svsbb.sk\/new\/wp-content\/uploads\/Ziadost-o-poskytnutie-informacii.rtf\" class=\"wp-block-file__button wp-element-button\" download aria-describedby=\"wp-block-file--media-f76de6cd-2604-4e4a-9f42-22e3db716585\">Stiahnu\u0165<\/a><\/div>\n","protected":false},"excerpt":{"rendered":"<p>Centrum poradenstva a prevencie v Banskej Bystrici (\u010falej len &#8222;CPPBB&#8220;) ako povinn\u00e1 osoba zabezpe\u010duje poskytovanie inform\u00e1ci\u00ed v zmysle z\u00e1kona \u010d. 211\/2000 Z. z. o slobodnom pr\u00edstupe k inform\u00e1ci\u00e1m a o zmene a doplnen\u00ed niektor\u00fdch z\u00e1konov (z\u00e1kon o slobode inform\u00e1ci\u00ed) v znen\u00ed neskor\u0161\u00edch predpisov (\u010falej len &#8222;z\u00e1kon o slobode inform\u00e1ci\u00ed&#8220;) ka\u017ed\u00e9mu, kto o inform\u00e1ciu po\u017eiada. Na&#8230;<\/p>\n","protected":false},"author":1,"featured_media":0,"parent":0,"menu_order":0,"comment_status":"closed","ping_status":"closed","template":"","meta":{"footnotes":""},"class_list":["post-861","page","type-page","status-publish","hentry"],"_links":{"self":[{"href":"https:\/\/www.cpppap.svsbb.sk\/index.php?rest_route=\/wp\/v2\/pages\/861","targetHints":{"allow":["GET"]}}],"collection":[{"href":"https:\/\/www.cpppap.svsbb.sk\/index.php?rest_route=\/wp\/v2\/pages"}],"about":[{"href":"https:\/\/www.cpppap.svsbb.sk\/index.php?rest_route=\/wp\/v2\/types\/page"}],"author":[{"embeddable":true,"href":"https:\/\/www.cpppap.svsbb.sk\/index.php?rest_route=\/wp\/v2\/users\/1"}],"replies":[{"embeddable":true,"href":"https:\/\/www.cpppap.svsbb.sk\/index.php?rest_route=%2Fwp%2Fv2%2Fcomments&post=861"}],"version-history":[{"count":7,"href":"https:\/\/www.cpppap.svsbb.sk\/index.php?rest_route=\/wp\/v2\/pages\/861\/revisions"}],"predecessor-version":[{"id":884,"href":"https:\/\/www.cpppap.svsbb.sk\/index.php?rest_route=\/wp\/v2\/pages\/861\/revisions\/884"}],"wp:attachment":[{"href":"https:\/\/www.cpppap.svsbb.sk\/index.php?rest_route=%2Fwp%2Fv2%2Fmedia&parent=861"}],"curies":[{"name":"wp","href":"https:\/\/api.w.org\/{rel}","templated":true}]}}